CRAN Package Check Results for Package Directional

Last updated on 2020-03-30 20:48:25 CEST.

Flavor Version Tinstall Tcheck Ttotal Status Flags
r-devel-linux-x86_64-debian-clang 4.3 12.00 100.66 112.66 OK
r-devel-linux-x86_64-debian-gcc 4.3 11.86 74.37 86.23 OK
r-devel-linux-x86_64-fedora-clang 4.3 130.59 NOTE
r-devel-linux-x86_64-fedora-gcc 4.3 130.18 NOTE
r-devel-windows-ix86+x86_64 4.2 23.00 115.00 138.00 OK
r-devel-windows-ix86+x86_64-gcc8 4.3 24.00 121.00 145.00 OK
r-patched-linux-x86_64 4.3 14.32 96.97 111.29 OK
r-patched-solaris-x86 4.3 176.70 NOTE
r-release-linux-x86_64 4.3 11.89 88.70 100.59 OK
r-release-windows-ix86+x86_64 4.3 24.00 108.00 132.00 OK
r-release-osx-x86_64 4.3 WARN
r-oldrel-windows-ix86+x86_64 4.2 35.00 152.00 187.00 OK
r-oldrel-osx-x86_64 4.3 WARN

Check Details

Version: 4.3
Check: dependencies in R code
Result: NOTE
    Namespace in Imports field not imported from: ‘MASS’
     All declared Imports should be used.
Flavors: r-devel-linux-x86_64-fedora-clang, r-devel-linux-x86_64-fedora-gcc, r-patched-solaris-x86, r-release-osx-x86_64, r-oldrel-osx-x86_64

Version: 4.3
Check: whether package can be installed
Result: WARN
    Found the following significant warnings:
     Warning: 'rgl.init' failed, running with 'rgl.useNULL = TRUE'.
Flavors: r-release-osx-x86_64, r-oldrel-osx-x86_64