CRAN Package Check Results for Package DiffusionRgqd

Last updated on 2021-06-20 09:49:46 CEST.

Flavor Version Tinstall Tcheck Ttotal Status Flags
r-devel-linux-x86_64-debian-clang 0.1.3 42.89 102.61 145.50 OK
r-devel-linux-x86_64-debian-gcc 0.1.3 31.22 77.50 108.72 OK
r-devel-linux-x86_64-fedora-clang 0.1.3 191.80 NOTE
r-devel-linux-x86_64-fedora-gcc 0.1.3 176.27 NOTE
r-devel-windows-x86_64 0.1.3 60.00 128.00 188.00 NOTE
r-devel-windows-x86_64-gcc10-UCRT 0.1.3 NOTE
r-patched-linux-x86_64 0.1.3 40.86 98.82 139.68 OK
r-patched-solaris-x86 0.1.3 193.90 NOTE
r-release-linux-x86_64 0.1.3 35.86 99.15 135.01 OK
r-release-macos-arm64 0.1.3 NOTE
r-release-macos-x86_64 0.1.3 NOTE
r-release-windows-ix86+x86_64 0.1.3 90.00 155.00 245.00 NOTE
r-oldrel-macos-x86_64 0.1.3 NOTE
r-oldrel-windows-ix86+x86_64 0.1.3 64.00 152.00 216.00 NOTE

Check Details

Version: 0.1.3
Check: installed package size
Result: NOTE
     installed size is 6.8Mb
     sub-directories of 1Mb or more:
     doc 5.2Mb
Flavors: r-devel-linux-x86_64-fedora-clang, r-devel-windows-x86_64, r-patched-solaris-x86, r-release-macos-arm64, r-release-macos-x86_64, r-release-windows-ix86+x86_64, r-oldrel-macos-x86_64, r-oldrel-windows-ix86+x86_64

Version: 0.1.3
Check: compiled code
Result: NOTE
    File ‘DiffusionRgqd/libs/DiffusionRgqd.so’:
     Found no calls to: ‘R_registerRoutines’, ‘R_useDynamicSymbols’
    
    It is good practice to register native routines and to disable symbol
    search.
    
    See ‘Writing portable packages’ in the ‘Writing R Extensions’ manual.
Flavors: r-devel-linux-x86_64-fedora-clang, r-devel-linux-x86_64-fedora-gcc

Version: 0.1.3
Check: package dependencies
Result: NOTE
    Package suggested but not available for checking: 'Quandl'
Flavor: r-devel-windows-x86_64-gcc10-UCRT