CRAN Package Check Results for Package DiffNet

Last updated on 2020-03-30 20:48:25 CEST.

Flavor Version Tinstall Tcheck Ttotal Status Flags
r-devel-linux-x86_64-debian-clang 1.0-0 33.51 86.98 120.49 OK
r-devel-linux-x86_64-debian-gcc 1.0-0 21.93 67.70 89.63 OK
r-devel-linux-x86_64-fedora-clang 1.0-0 147.58 NOTE
r-devel-linux-x86_64-fedora-gcc 1.0-0 141.38 NOTE
r-devel-windows-ix86+x86_64 1.0-0 67.00 140.00 207.00 ERROR
r-devel-windows-ix86+x86_64-gcc8 1.0-0 62.00 156.00 218.00 ERROR
r-patched-linux-x86_64 1.0-0 27.14 84.06 111.20 OK
r-patched-solaris-x86 1.0-0 205.90 NOTE
r-release-linux-x86_64 1.0-0 25.31 79.16 104.47 OK
r-release-windows-ix86+x86_64 1.0-0 98.00 203.00 301.00 ERROR
r-release-osx-x86_64 1.0-0 NOTE
r-oldrel-windows-ix86+x86_64 1.0-0 66.00 238.00 304.00 WARN
r-oldrel-osx-x86_64 1.0-0 NOTE

Check Details

Version: 1.0-0
Check: dependencies in R code
Result: NOTE
    Namespace in Imports field not imported from: ‘gplots’
     All declared Imports should be used.
Flavors: r-devel-linux-x86_64-fedora-clang, r-devel-linux-x86_64-fedora-gcc, r-patched-solaris-x86, r-release-osx-x86_64, r-oldrel-osx-x86_64

Version: 1.0-0
Check: running examples for arch ‘i386’
Result: ERROR
    Running examples in 'DiffNet-Ex.R' failed
    The error most likely occurred in:
    
    > ### Name: diffnet
    > ### Title: Detection of Statistically Significant Changes in Paired
    > ### Biological Networks
    > ### Aliases: diffnet
    >
    > ### ** Examples
    >
    > library("DiffNet")
    > # this step is optional, it helps speed up calculations, run in parallel on 2 processors
    > library(doParallel)
    Loading required package: foreach
    Loading required package: iterators
    Loading required package: parallel
    > registerDoParallel(2)
    > # Run the differential network analysis tehcnique on sample data
    > p <- diffnet()
    >
    >
    >
    > ### * <FOOTER>
    > ###
    > cleanEx()
    
    detaching 'package:doParallel', 'package:parallel',
     'package:iterators', 'package:foreach'
    
    Error: connections left open:
     <-CRANwin.fb05.statistik.uni-dortmund.de:11529 (sockconn)
     <-CRANwin.fb05.statistik.uni-dortmund.de:11529 (sockconn)
    Execution halted
Flavor: r-devel-windows-ix86+x86_64

Version: 1.0-0
Check: running examples for arch ‘x64’
Result: ERROR
    Running examples in 'DiffNet-Ex.R' failed
    The error most likely occurred in:
    
    > ### Name: diffnet
    > ### Title: Detection of Statistically Significant Changes in Paired
    > ### Biological Networks
    > ### Aliases: diffnet
    >
    > ### ** Examples
    >
    > library("DiffNet")
    > # this step is optional, it helps speed up calculations, run in parallel on 2 processors
    > library(doParallel)
    Loading required package: foreach
    Loading required package: iterators
    Loading required package: parallel
    > registerDoParallel(2)
    > # Run the differential network analysis tehcnique on sample data
    > p <- diffnet()
    >
    >
    >
    > ### * <FOOTER>
    > ###
    > cleanEx()
    
    detaching 'package:doParallel', 'package:parallel',
     'package:iterators', 'package:foreach'
    
    Error: connections left open:
     <-CRANwin.fb05.statistik.uni-dortmund.de:11308 (sockconn)
     <-CRANwin.fb05.statistik.uni-dortmund.de:11308 (sockconn)
    Execution halted
Flavor: r-devel-windows-ix86+x86_64

Version: 1.0-0
Check: running examples for arch ‘i386’
Result: ERROR
    Running examples in 'DiffNet-Ex.R' failed
    The error most likely occurred in:
    
    > ### Name: diffnet
    > ### Title: Detection of Statistically Significant Changes in Paired
    > ### Biological Networks
    > ### Aliases: diffnet
    >
    > ### ** Examples
    >
    > library("DiffNet")
    > # this step is optional, it helps speed up calculations, run in parallel on 2 processors
    > library(doParallel)
    Loading required package: foreach
    Loading required package: iterators
    Loading required package: parallel
    > registerDoParallel(2)
    > # Run the differential network analysis tehcnique on sample data
    > p <- diffnet()
    >
    >
    >
    > ### * <FOOTER>
    > ###
    > cleanEx()
    
    detaching 'package:doParallel', 'package:parallel',
     'package:iterators', 'package:foreach'
    
    Error: connections left open:
     <-CRANwin.fb05.statistik.uni-dortmund.de:11153 (sockconn)
     <-CRANwin.fb05.statistik.uni-dortmund.de:11153 (sockconn)
    Execution halted
Flavor: r-devel-windows-ix86+x86_64-gcc8

Version: 1.0-0
Check: running examples for arch ‘x64’
Result: ERROR
    Running examples in 'DiffNet-Ex.R' failed
    The error most likely occurred in:
    
    > ### Name: diffnet
    > ### Title: Detection of Statistically Significant Changes in Paired
    > ### Biological Networks
    > ### Aliases: diffnet
    >
    > ### ** Examples
    >
    > library("DiffNet")
    > # this step is optional, it helps speed up calculations, run in parallel on 2 processors
    > library(doParallel)
    Loading required package: foreach
    Loading required package: iterators
    Loading required package: parallel
    > registerDoParallel(2)
    > # Run the differential network analysis tehcnique on sample data
    > p <- diffnet()
    >
    >
    >
    > ### * <FOOTER>
    > ###
    > cleanEx()
    
    detaching 'package:doParallel', 'package:parallel',
     'package:iterators', 'package:foreach'
    
    Error: connections left open:
     <-CRANwin.fb05.statistik.uni-dortmund.de:11047 (sockconn)
     <-CRANwin.fb05.statistik.uni-dortmund.de:11047 (sockconn)
    Execution halted
Flavor: r-devel-windows-ix86+x86_64-gcc8

Version: 1.0-0
Check: running examples for arch ‘i386’
Result: ERROR
    Running examples in 'DiffNet-Ex.R' failed
    The error most likely occurred in:
    
    > ### Name: diffnet
    > ### Title: Detection of Statistically Significant Changes in Paired
    > ### Biological Networks
    > ### Aliases: diffnet
    >
    > ### ** Examples
    >
    > library("DiffNet")
    > # this step is optional, it helps speed up calculations, run in parallel on 2 processors
    > library(doParallel)
    Loading required package: foreach
    Loading required package: iterators
    Loading required package: parallel
    > registerDoParallel(2)
    > # Run the differential network analysis tehcnique on sample data
    > p <- diffnet()
    >
    >
    >
    > ### * <FOOTER>
    > ###
    > cleanEx()
    
    detaching 'package:doParallel', 'package:parallel',
     'package:iterators', 'package:foreach'
    
    Error: connections left open:
     <-CRANwin.fb05.statistik.uni-dortmund.de:11225 (sockconn)
     <-CRANwin.fb05.statistik.uni-dortmund.de:11225 (sockconn)
    Execution halted
Flavor: r-release-windows-ix86+x86_64

Version: 1.0-0
Check: running examples for arch ‘x64’
Result: ERROR
    Running examples in 'DiffNet-Ex.R' failed
    The error most likely occurred in:
    
    > ### Name: diffnet
    > ### Title: Detection of Statistically Significant Changes in Paired
    > ### Biological Networks
    > ### Aliases: diffnet
    >
    > ### ** Examples
    >
    > library("DiffNet")
    > # this step is optional, it helps speed up calculations, run in parallel on 2 processors
    > library(doParallel)
    Loading required package: foreach
    Loading required package: iterators
    Loading required package: parallel
    > registerDoParallel(2)
    > # Run the differential network analysis tehcnique on sample data
    > p <- diffnet()
    >
    >
    >
    > ### * <FOOTER>
    > ###
    > cleanEx()
    
    detaching 'package:doParallel', 'package:parallel',
     'package:iterators', 'package:foreach'
    
    Error: connections left open:
     <-CRANwin.fb05.statistik.uni-dortmund.de:11468 (sockconn)
     <-CRANwin.fb05.statistik.uni-dortmund.de:11468 (sockconn)
    Execution halted
Flavor: r-release-windows-ix86+x86_64

Version: 1.0-0
Check: whether package can be installed
Result: WARN
    Found the following significant warnings:
     Warning: S3 methods '[.fun_list', '[.grouped_df', 'all.equal.tbl_df', 'anti_join.data.frame', 'anti_join.tbl_df', 'arrange.data.frame', 'arrange.default', 'arrange.grouped_df', 'arrange.tbl_df', 'arrange_.data.frame', 'arrange_.tbl_df', 'as.data.frame.grouped_df', 'as.data.frame.rowwise_df', 'as.data.frame.tbl_cube', 'as.table.tbl_cube', 'as.tbl.data.frame', 'as.tbl.tbl', 'as.tbl_cube.array', 'as.tbl_cube.data.frame', 'as.tbl_cube.matrix', 'as.tbl_cube.table', 'as_tibble.grouped_df', 'as_tibble.tbl_cube', 'auto_copy.tbl_cube', 'auto_copy.tbl_df', 'cbind.grouped_df', 'collapse.data.frame', 'collect.data.frame', 'common_by.NULL', 'common_by.character', 'common_by.default', 'common_by.list', 'compute.data.frame', 'copy_to.DBIConnection', 'copy_to.src_local', 'default_missing.data.frame', 'default_missing.default', 'dim.tbl_cube', 'distinct.data.frame', 'distinct.default', 'distinct.grouped_df', 'distinct.tbl_df', 'distinct_.data.frame', 'distinct_.grouped_df', 'distinct_.tbl_df', 'do.NULL', 'do.da [... truncated]
Flavor: r-oldrel-windows-ix86+x86_64