CRAN Package Check Results for Package DesignLibrary

Last updated on 2021-04-15 09:49:56 CEST.

Flavor Version Tinstall Tcheck Ttotal Status Flags
r-devel-linux-x86_64-debian-clang 0.1.6 5.71 102.32 108.03 NOTE
r-devel-linux-x86_64-debian-gcc 0.1.6 3.98 78.65 82.63 NOTE
r-devel-linux-x86_64-fedora-clang 0.1.6 137.35 NOTE
r-devel-linux-x86_64-fedora-gcc 0.1.6 137.93 NOTE
r-devel-windows-ix86+x86_64 0.1.6 22.00 124.00 146.00 NOTE
r-devel-windows-x86_64-gcc10-UCRT 0.1.6 NOTE
r-patched-linux-x86_64 0.1.6 4.87 98.33 103.20 OK
r-patched-solaris-x86 0.1.6 185.80 OK
r-release-linux-x86_64 0.1.6 5.23 101.55 106.78 OK
r-release-macos-x86_64 0.1.6 OK
r-release-windows-ix86+x86_64 0.1.6 21.00 134.00 155.00 OK
r-oldrel-macos-x86_64 0.1.6 OK
r-oldrel-windows-ix86+x86_64 0.1.6 19.00 87.00 106.00 OK

Check Details

Version: 0.1.6
Check: LazyData
Result: NOTE
     'LazyData' is specified without a 'data' directory
Flavors: r-devel-linux-x86_64-debian-clang, r-devel-linux-x86_64-debian-gcc, r-devel-linux-x86_64-fedora-clang, r-devel-linux-x86_64-fedora-gcc, r-devel-windows-ix86+x86_64, r-devel-windows-x86_64-gcc10-UCRT