CRAN Package Check Results for Package DatabionicSwarm

Last updated on 2020-05-28 03:48:25 CEST.

Flavor Version Tinstall Tcheck Ttotal Status Flags
r-devel-linux-x86_64-debian-clang 1.1.3 151.07 137.08 288.15 OK
r-devel-linux-x86_64-debian-gcc 1.1.3 112.76 99.52 212.28 OK
r-devel-linux-x86_64-fedora-clang 1.1.3 371.53 NOTE
r-devel-linux-x86_64-fedora-gcc 1.1.3 345.08 OK
r-devel-windows-ix86+x86_64 1.1.3 381.00 260.00 641.00 NOTE
r-patched-linux-x86_64 1.1.3 110.24 127.27 237.51 OK
r-patched-solaris-x86 1.1.3 332.90 OK
r-release-linux-x86_64 1.1.3 118.98 127.63 246.61 OK
r-release-osx-x86_64 1.1.3 NOTE
r-release-windows-ix86+x86_64 1.1.3 320.00 246.00 566.00 NOTE
r-oldrel-osx-x86_64 1.1.3 NOTE
r-oldrel-windows-ix86+x86_64 1.1.3 276.00 200.00 476.00 NOTE

Check Details

Version: 1.1.3
Check: installed package size
Result: NOTE
     installed size is 8.1Mb
     sub-directories of 1Mb or more:
     doc 3.4Mb
     libs 4.4Mb
Flavors: r-devel-linux-x86_64-fedora-clang, r-devel-windows-ix86+x86_64, r-release-osx-x86_64, r-release-windows-ix86+x86_64, r-oldrel-osx-x86_64, r-oldrel-windows-ix86+x86_64