CRAN Package Check Results for Package DataGraph

Last updated on 2021-06-22 09:51:32 CEST.

Flavor Version Tinstall Tcheck Ttotal Status Flags
r-devel-linux-x86_64-debian-clang 1.2.1 73.59 26.16 99.75 OK
r-devel-linux-x86_64-debian-gcc 1.2.1 59.11 20.71 79.82 OK
r-devel-linux-x86_64-fedora-clang 1.2.1 164.95 NOTE
r-devel-linux-x86_64-fedora-gcc 1.2.1 139.95 OK
r-devel-windows-x86_64 1.2.1 91.00 57.00 148.00 OK
r-devel-windows-x86_64-gcc10-UCRT 1.2.1 OK
r-patched-linux-x86_64 1.2.1 68.52 25.79 94.31 OK
r-patched-solaris-x86 1.2.1 131.30 OK
r-release-linux-x86_64 1.2.1 65.18 25.85 91.03 OK
r-release-macos-arm64 1.2.1 NOTE
r-release-macos-x86_64 1.2.1 NOTE
r-release-windows-ix86+x86_64 1.2.1 179.00 59.00 238.00 OK
r-oldrel-macos-x86_64 1.2.1 NOTE

Additional issues

gcc11 gcc11

Check Details

Version: 1.2.1
Check: installed package size
Result: NOTE
     installed size is 6.1Mb
     sub-directories of 1Mb or more:
     libs 6.0Mb
Flavors: r-devel-linux-x86_64-fedora-clang, r-release-macos-arm64, r-release-macos-x86_64, r-oldrel-macos-x86_64