CRAN Package Check Results for Package DSSAT

Last updated on 2021-04-15 09:49:57 CEST.

Flavor Version Tinstall Tcheck Ttotal Status Flags
r-devel-linux-x86_64-debian-clang 0.0.2 9.53 80.17 89.70 NOTE
r-devel-linux-x86_64-debian-gcc 0.0.2 7.57 59.96 67.53 NOTE
r-devel-linux-x86_64-fedora-clang 0.0.2 119.39 NOTE
r-devel-linux-x86_64-fedora-gcc 0.0.2 105.15 NOTE
r-devel-windows-ix86+x86_64 0.0.2 20.00 100.00 120.00 NOTE
r-devel-windows-x86_64-gcc10-UCRT 0.0.2 NOTE
r-patched-linux-x86_64 0.0.2 8.42 76.60 85.02 OK
r-patched-solaris-x86 0.0.2 141.10 OK
r-release-linux-x86_64 0.0.2 8.08 75.31 83.39 OK
r-release-macos-x86_64 0.0.2 OK
r-release-windows-ix86+x86_64 0.0.2 29.00 122.00 151.00 OK
r-oldrel-macos-x86_64 0.0.2 OK
r-oldrel-windows-ix86+x86_64 0.0.2 13.00 72.00 85.00 OK

Check Details

Version: 0.0.2
Check: LazyData
Result: NOTE
     'LazyData' is specified without a 'data' directory
Flavors: r-devel-linux-x86_64-debian-clang, r-devel-linux-x86_64-debian-gcc, r-devel-linux-x86_64-fedora-clang, r-devel-linux-x86_64-fedora-gcc, r-devel-windows-ix86+x86_64, r-devel-windows-x86_64-gcc10-UCRT