CRAN Package Check Results for Package DSAIRM

Last updated on 2021-04-15 09:49:57 CEST.

Flavor Version Tinstall Tcheck Ttotal Status Flags
r-devel-linux-x86_64-debian-clang 0.8.7 10.06 165.18 175.24 OK
r-devel-linux-x86_64-debian-gcc 0.8.7 7.49 116.35 123.84 OK
r-devel-linux-x86_64-fedora-clang 0.8.7 217.03 OK
r-devel-linux-x86_64-fedora-gcc 0.8.7 205.39 OK
r-devel-windows-ix86+x86_64 0.8.7 25.00 198.00 223.00 OK
r-devel-windows-x86_64-gcc10-UCRT 0.8.7 OK
r-patched-linux-x86_64 0.8.7 9.62 151.85 161.47 OK
r-patched-solaris-x86 0.8.7 260.40 OK
r-release-linux-x86_64 0.8.7 9.06 152.30 161.36 OK
r-release-macos-x86_64 0.8.7 OK
r-release-windows-ix86+x86_64 0.8.7 24.00 207.00 231.00 OK
r-oldrel-macos-x86_64 0.8.7 ERROR
r-oldrel-windows-ix86+x86_64 0.8.6 16.00 153.00 169.00 ERROR

Check Details

Version: 0.8.7
Check: whether package can be installed
Result: ERROR
    Installation failed.
Flavor: r-oldrel-macos-x86_64

Version: 0.8.6
Check: tests
Result: ERROR
     Running 'testthat.R' [51s]
    Running the tests in 'tests/testthat.R' failed.
    Complete output:
     > library(testthat)
     > library(DSAIRM)
     Loading required package: shiny
     Welcome to the DSAIRM package. Type dsairmmenu() to get started.
     >
     > test_check("DSAIRM")
     Error in seq.default(tstart, tfinal, by = dt) :
     wrong sign in 'by' argument
     Error in adaptivetau::ssa.adaptivetau(init.values = Y0, transitions = transitions, :
     initial value for variable 3 must be positive (currently -10)
     Error in eval(generate_fctcall(modelsettings)) :
     attempt to apply non-function
     == Failed tests ================================================================
     -- Error (test-generate_shinyinput.R:21:13): generate_shinyinput correctly produces a shiny input structure --
     Error: 'nchar()' requires a character vector
     Backtrace:
     x
     1. \-base::nchar(appsettings$simfunction2) test-generate_shinyinput.R:21:12
     -- Error (test-run_model.R:58:13): run_model correctly runs different models ---
     Error: $ operator is invalid for atomic vectors
    
     [ FAIL 2 | WARN 4 | SKIP 0 | PASS 54 ]
     Error: Test failures
     Execution halted
Flavor: r-oldrel-windows-ix86+x86_64