CRAN Package Check Results for Package DRomics

Last updated on 2020-03-30 20:48:26 CEST.

Flavor Version Tinstall Tcheck Ttotal Status Flags
r-devel-linux-x86_64-debian-clang 2.0-1 33.23 562.75 595.98 OK
r-devel-linux-x86_64-debian-gcc 2.0-1 32.34 414.29 446.63 OK
r-devel-linux-x86_64-fedora-clang 2.0-1 695.56 OK
r-devel-linux-x86_64-fedora-gcc 2.0-1 694.20 OK
r-devel-windows-ix86+x86_64 2.0-1 5.00 7.00 12.00 ERROR
r-devel-windows-ix86+x86_64-gcc8 2.0-1 8.00 6.00 14.00 ERROR
r-patched-linux-x86_64 2.0-1 33.01 522.87 555.88 OK
r-patched-solaris-x86 2.0-1 925.20 NOTE
r-release-linux-x86_64 2.0-1 33.97 496.35 530.32 OK
r-release-windows-ix86+x86_64 2.0-1 95.00 684.00 779.00 OK
r-release-osx-x86_64 2.0-1 ERROR
r-oldrel-windows-ix86+x86_64 2.0-1 59.00 650.00 709.00 OK
r-oldrel-osx-x86_64 2.0-1 OK

Check Details

Version: 2.0-1
Check: whether package can be installed
Result: ERROR
    Installation failed.
Flavors: r-devel-windows-ix86+x86_64, r-devel-windows-ix86+x86_64-gcc8, r-release-osx-x86_64

Version: 2.0-1
Check: installed package size
Result: NOTE
     installed size is 5.2Mb
     sub-directories of 1Mb or more:
     DRomics-shiny 1.8Mb
     extdata 3.1Mb
Flavor: r-patched-solaris-x86