CRAN Package Check Results for Package DPtree

Last updated on 2021-04-15 09:49:57 CEST.

Flavor Version Tinstall Tcheck Ttotal Status Flags
r-devel-linux-x86_64-debian-clang 1.0.1 2.03 29.75 31.78 NOTE
r-devel-linux-x86_64-debian-gcc 1.0.1 1.95 23.42 25.37 NOTE
r-devel-linux-x86_64-fedora-clang 1.0.1 50.53 NOTE
r-devel-linux-x86_64-fedora-gcc 1.0.1 39.85 NOTE
r-devel-windows-ix86+x86_64 1.0.1 6.00 50.00 56.00 NOTE
r-devel-windows-x86_64-gcc10-UCRT 1.0.1 NOTE
r-patched-linux-x86_64 1.0.1 2.34 29.16 31.50 OK
r-patched-solaris-x86 1.0.1 58.20 NOTE
r-release-linux-x86_64 1.0.1 2.15 28.47 30.62 OK
r-release-macos-x86_64 1.0.1 NOTE
r-release-windows-ix86+x86_64 1.0.1 22.00 52.00 74.00 OK
r-oldrel-macos-x86_64 1.0.1 NOTE
r-oldrel-windows-ix86+x86_64 1.0.1 4.00 35.00 39.00 OK

Check Details

Version: 1.0.1
Check: LazyData
Result: NOTE
     'LazyData' is specified without a 'data' directory
Flavors: r-devel-linux-x86_64-debian-clang, r-devel-linux-x86_64-debian-gcc, r-devel-linux-x86_64-fedora-clang, r-devel-linux-x86_64-fedora-gcc, r-devel-windows-ix86+x86_64, r-devel-windows-x86_64-gcc10-UCRT

Version: 1.0.1
Check: dependencies in R code
Result: NOTE
    Namespace in Imports field not imported from: ‘MASS’
     All declared Imports should be used.
Flavors: r-devel-linux-x86_64-fedora-clang, r-devel-linux-x86_64-fedora-gcc, r-devel-windows-x86_64-gcc10-UCRT, r-patched-solaris-x86, r-release-macos-x86_64, r-oldrel-macos-x86_64