CRAN Package Check Results for Package DPWeibull

Last updated on 2021-06-20 09:49:47 CEST.

Flavor Version Tinstall Tcheck Ttotal Status Flags
r-devel-linux-x86_64-debian-clang 1.7 118.45 79.58 198.03 OK
r-devel-linux-x86_64-debian-gcc 1.7 79.65 61.71 141.36 OK
r-devel-linux-x86_64-fedora-clang 1.7 289.14 OK
r-devel-linux-x86_64-fedora-gcc 1.7 257.44 OK
r-devel-windows-x86_64 1.7 143.00 109.00 252.00 OK
r-devel-windows-x86_64-gcc10-UCRT 1.7 OK
r-patched-linux-x86_64 1.7 94.97 76.53 171.50 OK
r-patched-solaris-x86 1.7 249.50 OK
r-release-linux-x86_64 1.7 90.16 76.54 166.70 OK
r-release-macos-arm64 1.7 NOTE
r-release-macos-x86_64 1.7 OK
r-release-windows-ix86+x86_64 1.7 271.00 103.00 374.00 OK
r-oldrel-macos-x86_64 1.7 OK
r-oldrel-windows-ix86+x86_64 1.7 201.00 145.00 346.00 OK

Check Details

Version: 1.7
Check: installed package size
Result: NOTE
     installed size is 6.3Mb
     sub-directories of 1Mb or more:
     libs 6.1Mb
Flavor: r-release-macos-arm64