CRAN Package Check Results for Package DDRTree

Last updated on 2021-04-15 09:49:56 CEST.

Flavor Version Tinstall Tcheck Ttotal Status Flags
r-devel-linux-x86_64-debian-clang 0.1.5 73.74 61.40 135.14 OK
r-devel-linux-x86_64-debian-gcc 0.1.5 58.73 48.78 107.51 OK
r-devel-linux-x86_64-fedora-clang 0.1.5 186.48 NOTE
r-devel-linux-x86_64-fedora-gcc 0.1.5 181.33 OK
r-devel-windows-ix86+x86_64 0.1.5 131.00 118.00 249.00 OK
r-devel-windows-x86_64-gcc10-UCRT 0.1.5 OK
r-patched-linux-x86_64 0.1.5 65.61 60.49 126.10 OK
r-patched-solaris-x86 0.1.5 183.00 OK
r-release-linux-x86_64 0.1.5 64.90 59.50 124.40 OK
r-release-macos-x86_64 0.1.5 NOTE
r-release-windows-ix86+x86_64 0.1.5 131.00 121.00 252.00 OK
r-oldrel-macos-x86_64 0.1.5 NOTE
r-oldrel-windows-ix86+x86_64 0.1.5 127.00 88.00 215.00 OK

Check Details

Version: 0.1.5
Check: installed package size
Result: NOTE
     installed size is 22.1Mb
     sub-directories of 1Mb or more:
     libs 22.0Mb
Flavors: r-devel-linux-x86_64-fedora-clang, r-release-macos-x86_64, r-oldrel-macos-x86_64