CRAN Package Check Results for Package DALEX

Last updated on 2020-02-21 17:47:43 CET.

Flavor Version Tinstall Tcheck Ttotal Status Flags
r-devel-linux-x86_64-debian-clang 0.4.9 5.41 89.59 95.00 OK
r-devel-linux-x86_64-debian-gcc 0.4.9 4.08 70.21 74.29 OK
r-devel-linux-x86_64-fedora-clang 1.0 108.93 ERROR
r-devel-linux-x86_64-fedora-gcc 1.0 106.08 ERROR
r-devel-windows-ix86+x86_64 0.4.9 14.00 112.00 126.00 OK
r-devel-windows-ix86+x86_64-gcc8 0.4.9 25.00 154.00 179.00 OK
r-patched-linux-x86_64 0.4.9 5.12 76.59 81.71 OK
r-patched-solaris-x86 0.4.9 154.70 OK
r-release-linux-x86_64 0.4.9 4.82 76.64 81.46 OK
r-release-windows-ix86+x86_64 0.4.9 12.00 109.00 121.00 OK
r-release-osx-x86_64 0.4.9 OK
r-oldrel-windows-ix86+x86_64 0.4.9 8.00 104.00 112.00 WARN
r-oldrel-osx-x86_64 0.4.9 OK

Check Details

Version: 1.0
Check: tests
Result: ERROR
     Running ‘testthat.R’ [36s/44s]
    Running the tests in ‘tests/testthat.R’ failed.
    Complete output:
     > library(testthat)
     > library(DALEX)
     Welcome to DALEX (version: 1.0).
     Find examples and detailed introduction at: https://pbiecek.github.io/ema/
    
     >
     > test_check("DALEX")
     Package: ranger
     Package version: 0.12.1
     Task type: regressionModel label: ranger
     Model class: ranger
     Data head :
     construction.year surface floor no.rooms district
     1 1953 25 3 1 Srodmiescie
     2 1992 143 9 5 Bielany
     Measures for: regression
     mse : 79358.95
     rmse : 281.7072
     r2 : 0.900389
     mad : 211.999
    
     Residuals:
     0% 10% 20% 30% 40% 50% 60% 70%
     -249.1437 -223.8050 -208.7184 -195.0442 -184.4288 -175.5123 -161.8545 366.1237
     80% 90% 100%
     396.9122 424.0089 470.8357
     The number of important variables for ranger's prediction is 1 out of 6.
     Variables district have the highest importantance.
     Wrapper package: caret
     Wrapper package version: 6.0.85
     Package: randomForest
     Package version: 4.6.14
     Task type: Classification── 1. Error: yhat default (@test_yhat_model_info.R#212) ───────────────────────
     object 'gender' not found
     Backtrace:
     1. testthat::expect_is(...)
     4. DALEX:::yhat.default(model_classif_rpart, apartments_cut)
     6. rpart:::predict.rpart(X.model, newdata, ...)
     8. stats::model.frame.default(...)
     9. [ base::eval(...) ] with 1 more call
    
     ══ testthat results ═══════════════════════════════════════════════════════════
     [ OK: 148 | SKIPPED: 0 | WARNINGS: 13 | FAILED: 1 ]
     1. Error: yhat default (@test_yhat_model_info.R#212)
    
     Error: testthat unit tests failed
     Execution halted
Flavor: r-devel-linux-x86_64-fedora-clang

Version: 1.0
Check: tests
Result: ERROR
     Running ‘testthat.R’ [36s/47s]
    Running the tests in ‘tests/testthat.R’ failed.
    Complete output:
     > library(testthat)
     > library(DALEX)
     Welcome to DALEX (version: 1.0).
     Find examples and detailed introduction at: https://pbiecek.github.io/ema/
    
     >
     > test_check("DALEX")
     Package: ranger
     Package version: 0.12.1
     Task type: regressionModel label: ranger
     Model class: ranger
     Data head :
     construction.year surface floor no.rooms district
     1 1953 25 3 1 Srodmiescie
     2 1992 143 9 5 Bielany
     Measures for: regression
     mse : 79358.95
     rmse : 281.7072
     r2 : 0.900389
     mad : 211.999
    
     Residuals:
     0% 10% 20% 30% 40% 50% 60% 70%
     -249.1437 -223.8050 -208.7184 -195.0442 -184.4288 -175.5123 -161.8545 366.1237
     80% 90% 100%
     396.9122 424.0089 470.8357
     The number of important variables for ranger's prediction is 2 out of 6.
     Variables district, surface have the highest importantance.
     Wrapper package: caret
     Wrapper package version: 6.0.85
     Package: randomForest
     Package version: 4.6.14
     Task type: Classification── 1. Error: yhat default (@test_yhat_model_info.R#212) ───────────────────────
     object 'gender' not found
     Backtrace:
     1. testthat::expect_is(...)
     4. DALEX:::yhat.default(model_classif_rpart, apartments_cut)
     6. rpart:::predict.rpart(X.model, newdata, ...)
     8. stats::model.frame.default(...)
     9. [ base::eval(...) ] with 1 more call
    
     ══ testthat results ═══════════════════════════════════════════════════════════
     [ OK: 148 | SKIPPED: 0 | WARNINGS: 13 | FAILED: 1 ]
     1. Error: yhat default (@test_yhat_model_info.R#212)
    
     Error: testthat unit tests failed
     Execution halted
Flavor: r-devel-linux-x86_64-fedora-gcc

Version: 0.4.9
Check: whether package can be installed
Result: WARN
    Found the following significant warnings:
     Warning: S3 methods '[.fun_list', '[.grouped_df', 'all.equal.tbl_df', 'anti_join.data.frame', 'anti_join.tbl_df', 'arrange.data.frame', 'arrange.default', 'arrange.grouped_df', 'arrange.tbl_df', 'arrange_.data.frame', 'arrange_.tbl_df', 'as.data.frame.grouped_df', 'as.data.frame.rowwise_df', 'as.data.frame.tbl_cube', 'as.table.tbl_cube', 'as.tbl.data.frame', 'as.tbl.tbl', 'as.tbl_cube.array', 'as.tbl_cube.data.frame', 'as.tbl_cube.matrix', 'as.tbl_cube.table', 'as_tibble.grouped_df', 'as_tibble.tbl_cube', 'auto_copy.tbl_cube', 'auto_copy.tbl_df', 'cbind.grouped_df', 'collapse.data.frame', 'collect.data.frame', 'common_by.NULL', 'common_by.character', 'common_by.default', 'common_by.list', 'compute.data.frame', 'copy_to.DBIConnection', 'copy_to.src_local', 'default_missing.data.frame', 'default_missing.default', 'dim.tbl_cube', 'distinct.data.frame', 'distinct.default', 'distinct.grouped_df', 'distinct.tbl_df', 'distinct_.data.frame', 'distinct_.grouped_df', 'distinct_.tbl_df', 'do.NULL', 'do.da [... truncated]
Flavor: r-oldrel-windows-ix86+x86_64