CRAN Package Check Results for Package CorReg

Last updated on 2020-07-06 21:50:12 CEST.

Flavor Version Tinstall Tcheck Ttotal Status Flags
r-devel-linux-x86_64-debian-clang 1.2.17 342.83 105.21 448.04 NOTE
r-devel-linux-x86_64-debian-gcc 1.2.17 280.33 83.89 364.22 NOTE
r-devel-linux-x86_64-fedora-clang 1.2.17 654.38 NOTE
r-devel-linux-x86_64-fedora-gcc 1.2.17 588.59 NOTE
r-devel-windows-ix86+x86_64 1.2.17 838.00 228.00 1066.00 OK
r-patched-linux-x86_64 1.2.17 291.98 107.43 399.41 NOTE
r-patched-solaris-x86 1.2.17 496.50 NOTE
r-release-linux-x86_64 1.2.17 298.67 108.65 407.32 NOTE
r-release-osx-x86_64 1.2.17 NOTE
r-release-windows-ix86+x86_64 1.2.17 635.00 158.00 793.00 OK
r-oldrel-osx-x86_64 1.2.17 NOTE
r-oldrel-windows-ix86+x86_64 1.2.17 614.00 227.00 841.00 OK

Additional issues

LTO

Check Details

Version: 1.2.17
Check: package dependencies
Result: NOTE
    Package suggested but not available for checking: 'parcor'
Flavors: r-devel-linux-x86_64-debian-clang, r-devel-linux-x86_64-debian-gcc, r-devel-linux-x86_64-fedora-clang, r-devel-linux-x86_64-fedora-gcc, r-patched-linux-x86_64, r-patched-solaris-x86, r-release-linux-x86_64

Version: 1.2.17
Check: installed package size
Result: NOTE
     installed size is 29.9Mb
     sub-directories of 1Mb or more:
     libs 29.5Mb
Flavors: r-devel-linux-x86_64-fedora-clang, r-release-osx-x86_64, r-oldrel-osx-x86_64

Version: 1.2.17
Check: package dependencies
Result: NOTE
    Package suggested but not available for checking: ‘Rmixmod’
Flavor: r-release-osx-x86_64