CRAN Package Check Results for Package Compositional

Last updated on 2021-04-15 09:49:55 CEST.

Flavor Version Tinstall Tcheck Ttotal Status Flags
r-devel-linux-x86_64-debian-clang 4.5 23.50 201.85 225.35 OK
r-devel-linux-x86_64-debian-gcc 4.5 18.85 151.15 170.00 OK
r-devel-linux-x86_64-fedora-clang 4.5 278.25 OK
r-devel-linux-x86_64-fedora-gcc 4.5 268.10 OK
r-devel-windows-ix86+x86_64 4.5 53.00 267.00 320.00 OK
r-devel-windows-x86_64-gcc10-UCRT 4.5 OK
r-patched-linux-x86_64 4.5 26.61 187.27 213.88 OK
r-patched-solaris-x86 4.5 323.10 OK
r-release-linux-x86_64 4.5 25.14 184.66 209.80 OK
r-release-macos-x86_64 4.5 OK
r-release-windows-ix86+x86_64 4.5 53.00 264.00 317.00 OK
r-oldrel-macos-x86_64 4.5 ERROR
r-oldrel-windows-ix86+x86_64 4.2 22.00 132.00 154.00 OK

Check Details

Version: 4.5
Check: whether package can be installed
Result: ERROR
    Installation failed.
Flavor: r-oldrel-macos-x86_64