CRAN Package Check Results for Package Coinprofile

Last updated on 2020-02-21 17:47:42 CET.

Flavor Version Tinstall Tcheck Ttotal Status Flags
r-devel-linux-x86_64-debian-clang 0.1.9 3.58 32.87 36.45 OK
r-devel-linux-x86_64-debian-gcc 0.1.9 2.68 24.07 26.75 OK
r-devel-linux-x86_64-fedora-clang 0.1.9 42.14 NOTE
r-devel-linux-x86_64-fedora-gcc 0.1.9 41.95 NOTE
r-devel-windows-ix86+x86_64 0.1.9 8.00 36.00 44.00 OK
r-devel-windows-ix86+x86_64-gcc8 0.1.9 16.00 53.00 69.00 OK
r-patched-linux-x86_64 0.1.9 3.00 28.87 31.87 OK
r-patched-solaris-x86 0.1.9 52.40 NOTE
r-release-linux-x86_64 0.1.9 3.07 28.59 31.66 OK
r-release-windows-ix86+x86_64 0.1.9 8.00 41.00 49.00 OK
r-release-osx-x86_64 0.1.9 NOTE
r-oldrel-windows-ix86+x86_64 0.1.9 4.00 38.00 42.00 OK
r-oldrel-osx-x86_64 0.1.9 NOTE

Check Details

Version: 0.1.9
Check: dependencies in R code
Result: NOTE
    Namespaces in Imports field not imported from:
     ‘Rdpack’ ‘coin’ ‘ggplot2’ ‘plyr’
     All declared Imports should be used.
Flavors: r-devel-linux-x86_64-fedora-clang, r-devel-linux-x86_64-fedora-gcc, r-patched-solaris-x86, r-release-osx-x86_64, r-oldrel-osx-x86_64