CRAN Package Check Results for Package Coinprofile

Last updated on 2020-07-06 21:50:12 CEST.

Flavor Version Tinstall Tcheck Ttotal Status Flags
r-devel-linux-x86_64-debian-clang 0.1.9 3.52 32.75 36.27 OK
r-devel-linux-x86_64-debian-gcc 0.1.9 2.95 24.47 27.42 OK
r-devel-linux-x86_64-fedora-clang 0.1.9 50.47 NOTE
r-devel-linux-x86_64-fedora-gcc 0.1.9 41.23 NOTE
r-devel-windows-ix86+x86_64 0.1.9 13.00 59.00 72.00 OK
r-patched-linux-x86_64 0.1.9 3.57 32.19 35.76 OK
r-patched-solaris-x86 0.1.9 58.60 NOTE
r-release-linux-x86_64 0.1.9 3.56 32.35 35.91 OK
r-release-osx-x86_64 0.1.9 NOTE
r-release-windows-ix86+x86_64 0.1.9 8.00 40.00 48.00 OK
r-oldrel-osx-x86_64 0.1.9 NOTE
r-oldrel-windows-ix86+x86_64 0.1.9 26.00 80.00 106.00 OK

Check Details

Version: 0.1.9
Check: dependencies in R code
Result: NOTE
    Namespaces in Imports field not imported from:
     ‘Rdpack’ ‘coin’ ‘ggplot2’ ‘plyr’
     All declared Imports should be used.
Flavors: r-devel-linux-x86_64-fedora-clang, r-devel-linux-x86_64-fedora-gcc, r-patched-solaris-x86, r-release-osx-x86_64, r-oldrel-osx-x86_64