CRAN Package Check Results for Package ClusterR

Last updated on 2020-02-21 17:47:42 CET.

Flavor Version Tinstall Tcheck Ttotal Status Flags
r-devel-linux-x86_64-debian-clang 1.2.1 65.78 193.19 258.97 OK
r-devel-linux-x86_64-debian-gcc 1.2.1 49.09 138.15 187.24 OK
r-devel-linux-x86_64-fedora-clang 1.2.1 322.54 NOTE
r-devel-linux-x86_64-fedora-gcc 1.2.1 303.99 OK
r-devel-windows-ix86+x86_64 1.2.1 108.00 251.00 359.00 OK
r-devel-windows-ix86+x86_64-gcc8 1.2.1 165.00 291.00 456.00 OK
r-patched-linux-x86_64 1.2.1 57.35 174.25 231.60 OK
r-patched-solaris-x86 1.2.1 488.00 WARN
r-release-linux-x86_64 1.2.1 52.76 162.09 214.85 OK
r-release-windows-ix86+x86_64 1.2.1 107.00 254.00 361.00 OK
r-release-osx-x86_64 1.2.1 NOTE
r-oldrel-windows-ix86+x86_64 1.2.1 105.00 234.00 339.00 OK
r-oldrel-osx-x86_64 1.2.1 NOTE

Check Details

Version: 1.2.1
Check: installed package size
Result: NOTE
     installed size is 8.0Mb
     sub-directories of 1Mb or more:
     libs 6.8Mb
Flavors: r-devel-linux-x86_64-fedora-clang, r-release-osx-x86_64, r-oldrel-osx-x86_64

Version: 1.2.1
Check: re-building of vignette outputs
Result: WARN
    Error(s) in re-building vignettes:
     ...
    --- re-building ‘the_clusterR_package.Rmd’ using rmarkdown
    Warning in engine$weave(file, quiet = quiet, encoding = enc) :
     Pandoc (>= 1.12.3) and/or pandoc-citeproc not available. Falling back to R Markdown v1.
    Quitting from lines 403-416 (the_clusterR_package.Rmd)
    Error: processing vignette 'the_clusterR_package.Rmd' failed with diagnostics:
    std::bad_alloc
    --- failed re-building ‘the_clusterR_package.Rmd’
    
    SUMMARY: processing the following file failed:
     ‘the_clusterR_package.Rmd’
    
    Error: Vignette re-building failed.
    Execution halted
Flavor: r-patched-solaris-x86