CRAN Package Check Results for Package Cluster.OBeu

Last updated on 2020-02-21 17:47:42 CET.

Flavor Version Tinstall Tcheck Ttotal Status Flags
r-devel-linux-x86_64-debian-clang 1.2.3 5.16 47.20 52.36 OK
r-devel-linux-x86_64-debian-gcc 1.2.3 4.23 35.94 40.17 OK
r-devel-linux-x86_64-fedora-clang 1.2.3 65.87 WARN
r-devel-linux-x86_64-fedora-gcc 1.2.3 63.56 OK
r-devel-windows-ix86+x86_64 1.2.3 15.00 61.00 76.00 OK
r-devel-windows-ix86+x86_64-gcc8 1.2.3 29.00 83.00 112.00 OK
r-patched-linux-x86_64 1.2.3 3.50 41.55 45.05 OK
r-patched-solaris-x86 1.2.3 92.20 OK
r-release-linux-x86_64 1.2.3 3.60 41.38 44.98 OK
r-release-windows-ix86+x86_64 1.2.3 12.00 62.00 74.00 OK
r-release-osx-x86_64 1.2.3 OK
r-oldrel-windows-ix86+x86_64 1.2.3 8.00 56.00 64.00 OK
r-oldrel-osx-x86_64 1.2.3 OK

Check Details

Version: 1.2.3
Check: package dependencies
Result: WARN
    Requires orphaned package: ‘clValid’
Flavor: r-devel-linux-x86_64-fedora-clang