CRAN Package Check Results for Package ClimMobTools

Last updated on 2020-07-06 21:50:12 CEST.

Flavor Version Tinstall Tcheck Ttotal Status Flags
r-devel-linux-x86_64-debian-clang 0.3.5 8.63 69.64 78.27 OK
r-devel-linux-x86_64-debian-gcc 0.3.5 7.85 54.96 62.81 OK
r-devel-linux-x86_64-fedora-clang 0.3.5 103.09 OK
r-devel-linux-x86_64-fedora-gcc 0.3.5 93.90 OK
r-devel-windows-ix86+x86_64 0.3.5 27.00 115.00 142.00 OK
r-patched-linux-x86_64 0.3.5 9.18 69.55 78.73 OK
r-patched-solaris-x86 0.3.5 146.20 OK
r-release-linux-x86_64 0.3.5 8.04 69.07 77.11 OK
r-release-osx-x86_64 0.3.5 ERROR
r-release-windows-ix86+x86_64 0.3.5 19.00 76.00 95.00 OK
r-oldrel-osx-x86_64 0.3.5 OK
r-oldrel-windows-ix86+x86_64 0.3.5 46.00 103.00 149.00 OK

Check Details

Version: 0.3.5
Check: whether the package can be loaded
Result: ERROR
    Loading this package had a fatal error status code 1
    Loading log:
    Loading required package: climatrends
    Loading required package: PlackettLuce
    Error: package or namespace load failed for ‘ClimMobTools’ in loadNamespace(j <- i[[1L]], c(lib.loc, .libPaths()), versionCheck = vI[[j]]):
     there is no package called ‘jsonlite’
    Execution halted
Flavor: r-release-osx-x86_64