CRAN Package Check Results for Package CircularDDM

Last updated on 2021-06-22 09:51:31 CEST.

Flavor Version Tinstall Tcheck Ttotal Status Flags
r-devel-linux-x86_64-debian-clang 0.1.0 31.00 26.47 57.47 NOTE
r-devel-linux-x86_64-debian-gcc 0.1.0 21.67 20.86 42.53 NOTE
r-devel-linux-x86_64-fedora-clang 0.1.0 90.34 NOTE
r-devel-linux-x86_64-fedora-gcc 0.1.0 73.85 NOTE
r-devel-windows-x86_64 0.1.0 40.00 56.00 96.00 NOTE
r-devel-windows-x86_64-gcc10-UCRT 0.1.0 NOTE
r-patched-linux-x86_64 0.1.0 25.73 25.77 51.50 NOTE
r-patched-solaris-x86 0.1.0 87.40 NOTE
r-release-linux-x86_64 0.1.0 24.83 25.72 50.55 NOTE
r-release-macos-arm64 0.1.0 NOTE
r-release-macos-x86_64 0.1.0 NOTE
r-release-windows-ix86+x86_64 0.1.0 78.00 55.00 133.00 NOTE
r-oldrel-macos-x86_64 0.1.0 OK

Check Details

Version: 0.1.0
Check: LazyData
Result: NOTE
     'LazyData' is specified without a 'data' directory
Flavors: r-devel-linux-x86_64-debian-clang, r-devel-linux-x86_64-debian-gcc, r-devel-linux-x86_64-fedora-clang, r-devel-linux-x86_64-fedora-gcc, r-devel-windows-x86_64, r-devel-windows-x86_64-gcc10-UCRT, r-patched-linux-x86_64, r-patched-solaris-x86, r-release-linux-x86_64, r-release-macos-arm64, r-release-macos-x86_64, r-release-windows-ix86+x86_64