CRAN Package Check Results for Package ChemoSpec2D

Last updated on 2020-02-17 14:47:41 CET.

Flavor Version Tinstall Tcheck Ttotal Status Flags
r-devel-linux-x86_64-debian-clang 0.3.166 5.36 51.89 57.25 OK
r-devel-linux-x86_64-debian-gcc 0.3.166 4.39 41.07 45.46 OK
r-devel-linux-x86_64-fedora-clang 0.3.166 69.68 NOTE
r-devel-linux-x86_64-fedora-gcc 0.3.166 69.04 OK
r-devel-windows-ix86+x86_64 0.3.166 8.00 79.00 87.00 OK
r-devel-windows-ix86+x86_64-gcc8 0.3.166 13.00 95.00 108.00 OK
r-patched-linux-x86_64 0.3.166 3.63 46.76 50.39 OK
r-patched-solaris-x86 0.3.166 81.00 OK
r-release-linux-x86_64 0.3.166 3.90 46.79 50.69 OK
r-release-windows-ix86+x86_64 0.3.166 8.00 69.00 77.00 OK
r-release-osx-x86_64 0.3.166 OK
r-oldrel-windows-ix86+x86_64 0.3.166 5.00 64.00 69.00 OK
r-oldrel-osx-x86_64 0.3.166 OK

Check Details

Version: 0.3.166
Check: package dependencies
Result: NOTE
    Suggests orphaned package: ‘smoof’
Flavor: r-devel-linux-x86_64-fedora-clang