CRAN Package Check Results for Package ChemoSpec2D

Last updated on 2020-07-06 21:50:12 CEST.

Flavor Version Tinstall Tcheck Ttotal Status Flags
r-devel-linux-x86_64-debian-clang 0.4.147 4.51 54.17 58.68 OK
r-devel-linux-x86_64-debian-gcc 0.4.147 4.50 42.62 47.12 OK
r-devel-linux-x86_64-fedora-clang 0.4.147 79.60 NOTE
r-devel-linux-x86_64-fedora-gcc 0.4.147 70.24 OK
r-devel-windows-ix86+x86_64 0.4.147 16.00 108.00 124.00 OK
r-patched-linux-x86_64 0.4.147 5.12 53.77 58.89 OK
r-patched-solaris-x86 0.4.147 95.70 OK
r-release-linux-x86_64 0.4.147 5.63 54.19 59.82 OK
r-release-osx-x86_64 0.4.147 OK
r-release-windows-ix86+x86_64 0.4.147 9.00 74.00 83.00 OK
r-oldrel-osx-x86_64 0.4.147 OK
r-oldrel-windows-ix86+x86_64 0.4.147 10.00 129.00 139.00 OK

Check Details

Version: 0.4.147
Check: Rd cross-references
Result: NOTE
    Undeclared package ‘CMLS’ in Rd xrefs
Flavor: r-devel-linux-x86_64-fedora-clang