CRAN Package Check Results for Package Chaos01

Last updated on 2020-03-30 20:48:23 CEST.

Flavor Version Tinstall Tcheck Ttotal Status Flags
r-devel-linux-x86_64-debian-clang 1.2.1 3.88 24.61 28.49 OK
r-devel-linux-x86_64-debian-gcc 1.2.1 2.71 19.56 22.27 OK
r-devel-linux-x86_64-fedora-clang 1.2.1 34.97 OK
r-devel-linux-x86_64-fedora-gcc 1.2.1 34.76 OK
r-devel-windows-ix86+x86_64 1.2.1 13.00 44.00 57.00 OK
r-devel-windows-ix86+x86_64-gcc8 1.2.1 15.00 45.00 60.00 OK
r-patched-linux-x86_64 1.2.1 3.22 24.27 27.49 OK
r-patched-solaris-x86 1.2.1 71.50 OK
r-release-linux-x86_64 1.2.1 2.86 22.64 25.50 OK
r-release-windows-ix86+x86_64 1.2.1 15.00 57.00 72.00 OK
r-release-osx-x86_64 1.2.1 NOTE
r-oldrel-windows-ix86+x86_64 1.2.1 12.00 57.00 69.00 OK
r-oldrel-osx-x86_64 1.2.1 NOTE

Check Details

Version: 1.2.1
Check: package dependencies
Result: NOTE
    Package suggested but not available for checking: ‘pbdMPI’
Flavors: r-release-osx-x86_64, r-oldrel-osx-x86_64