CRAN Package Check Results for Package ChainLadder

Last updated on 2021-04-15 09:49:54 CEST.

Flavor Version Tinstall Tcheck Ttotal Status Flags
r-devel-linux-x86_64-debian-clang 0.2.12 24.71 295.17 319.88 OK
r-devel-linux-x86_64-debian-gcc 0.2.12 22.66 215.33 237.99 OK
r-devel-linux-x86_64-fedora-clang 0.2.12 378.13 OK
r-devel-linux-x86_64-fedora-gcc 0.2.12 381.86 OK
r-devel-windows-ix86+x86_64 0.2.12 53.00 346.00 399.00 OK
r-devel-windows-x86_64-gcc10-UCRT 0.2.12 OK
r-patched-linux-x86_64 0.2.12 25.73 269.57 295.30 OK
r-patched-solaris-x86 0.2.12 494.90 NOTE
r-release-linux-x86_64 0.2.12 23.69 273.46 297.15 OK
r-release-macos-x86_64 0.2.12 OK
r-release-windows-ix86+x86_64 0.2.12 54.00 364.00 418.00 OK
r-oldrel-macos-x86_64 0.2.12 OK
r-oldrel-windows-ix86+x86_64 0.2.12 32.00 256.00 288.00 OK

Check Details

Version: 0.2.12
Check: installed package size
Result: NOTE
     installed size is 5.2Mb
     sub-directories of 1Mb or more:
     R 1.1Mb
     doc 2.9Mb
Flavor: r-patched-solaris-x86