CRAN Package Check Results for Package CautiousLearning

Last updated on 2021-04-15 09:49:54 CEST.

Flavor Version Tinstall Tcheck Ttotal Status Flags
r-devel-linux-x86_64-debian-clang 1.0.1 23.48 31.45 54.93 OK
r-devel-linux-x86_64-debian-gcc 1.0.1 13.08 24.19 37.27 OK
r-devel-linux-x86_64-fedora-clang 1.0.1 80.12 NOTE
r-devel-linux-x86_64-fedora-gcc 1.0.1 65.49 OK
r-devel-windows-ix86+x86_64 1.0.1 46.00 74.00 120.00 OK
r-devel-windows-x86_64-gcc10-UCRT 1.0.1 OK
r-patched-linux-x86_64 1.0.1 15.87 29.39 45.26 OK
r-patched-solaris-x86 1.0.1 88.90 OK
r-release-linux-x86_64 1.0.1 16.29 29.51 45.80 OK
r-release-macos-x86_64 1.0.1 OK
r-release-windows-ix86+x86_64 1.0.1 45.00 77.00 122.00 OK
r-oldrel-macos-x86_64 1.0.1 OK
r-oldrel-windows-ix86+x86_64 1.0.1 46.00 57.00 103.00 OK

Check Details

Version: 1.0.1
Check: Rd cross-references
Result: NOTE
    Undeclared package ‘sitmo’ in Rd xrefs
Flavor: r-devel-linux-x86_64-fedora-clang