CRAN Package Check Results for Package CISE

Last updated on 2021-04-15 09:49:54 CEST.

Flavor Version Tinstall Tcheck Ttotal Status Flags
r-devel-linux-x86_64-debian-clang 0.1.0 9.54 88.24 97.78 NOTE
r-devel-linux-x86_64-debian-gcc 0.1.0 7.65 66.57 74.22 NOTE
r-devel-linux-x86_64-fedora-clang 0.1.0 123.53 OK
r-devel-linux-x86_64-fedora-gcc 0.1.0 121.39 OK
r-devel-windows-ix86+x86_64 0.1.0 19.00 111.00 130.00 NOTE
r-devel-windows-x86_64-gcc10-UCRT 0.1.0 OK
r-patched-linux-x86_64 0.1.0 8.86 83.86 92.72 NOTE
r-patched-solaris-x86 0.1.0 187.00 OK
r-release-linux-x86_64 0.1.0 8.49 83.53 92.02 NOTE
r-release-macos-x86_64 0.1.0 OK
r-release-windows-ix86+x86_64 0.1.0 20.00 113.00 133.00 NOTE
r-oldrel-macos-x86_64 0.1.0 OK
r-oldrel-windows-ix86+x86_64 0.1.0 17.00 82.00 99.00 OK

Check Details

Version: 0.1.0
Check: package vignettes
Result: NOTE
    Package vignette with placeholder title 'Vignette Title':
     'CISE_vignette.Rmd'
Flavors: r-devel-linux-x86_64-debian-clang, r-devel-linux-x86_64-debian-gcc, r-devel-windows-ix86+x86_64, r-patched-linux-x86_64, r-release-linux-x86_64, r-release-windows-ix86+x86_64