CRAN Package Check Results for Package CGPfunctions

Last updated on 2020-03-30 20:48:23 CEST.

Flavor Version Tinstall Tcheck Ttotal Status Flags
r-devel-linux-x86_64-debian-clang 0.5.9 18.93 232.49 251.42 OK
r-devel-linux-x86_64-debian-gcc 0.5.9 14.73 174.44 189.17 OK
r-devel-linux-x86_64-fedora-clang 0.5.9 216.91 ERROR
r-devel-linux-x86_64-fedora-gcc 0.5.9 163.42 ERROR
r-devel-windows-ix86+x86_64 0.5.9 46.00 224.00 270.00 OK
r-devel-windows-ix86+x86_64-gcc8 0.5.9 42.00 226.00 268.00 OK
r-patched-linux-x86_64 0.5.9 18.71 220.13 238.84 OK
r-patched-solaris-x86 0.5.9 427.30 OK
r-release-linux-x86_64 0.5.9 14.23 210.42 224.65 OK
r-release-windows-ix86+x86_64 0.5.9 40.00 339.00 379.00 OK
r-release-osx-x86_64 0.5.9 OK
r-oldrel-windows-ix86+x86_64 0.5.7 16.00 165.00 181.00 OK
r-oldrel-osx-x86_64 0.5.9 ERROR

Check Details

Version: 0.5.9
Check: examples
Result: ERROR
    Running examples in ‘CGPfunctions-Ex.R’ failed
    The error most likely occurred in:
    
    > ### Name: chaid_table
    > ### Title: Produce CHAID results tables from a partykit CHAID model
    > ### Aliases: chaid_table
    >
    > ### ** Examples
    >
    > library(CGPfunctions)
    > chaid_table(chaidUS)
    Error: Assigned data `min(unlist(nodeapply(chaidobject, ids = all_nodes, FUN = function(n) n$info)[[i]]))` must be compatible with existing data.
    ℹ Error occurred for column `adjustedp`.
    ✖ Lossy cast from `value` <double> to `x` <logical>.
    * Locations: 1.
    Backtrace:
     █
     1. └─CGPfunctions::chaid_table(chaidUS)
     2. ├─base::`[<-`(`*tmp*`, split_table$nodeID == i, "adjustedp", value = 9.03286955807219e-08)
     3. └─tibble:::`[<-.tbl_df`(...)
     4. └─tibble:::tbl_subassign(x, i, j, value, i_arg, j_arg, substitute(value))
     5. └─tibble:::tbl_subassign_row(xj, i, value, value_arg)
     6. └─base::tryCatch(...)
     7. └─base:::tryCatchList(expr, classes, parentenv, handlers)
     8. └─base:::tryCatchOne(expr, names, parentenv, handlers[[1L]])
     9. └─value[[3L]](cond)
    Execution halted
Flavors: r-devel-linux-x86_64-fedora-clang, r-devel-linux-x86_64-fedora-gcc

Version: 0.5.9
Check: re-building of vignette outputs
Result: WARN
    Error(s) in re-building vignettes:
    --- re-building ‘Using-Plot2WayANOVA.Rmd’ using rmarkdown
    
    Converting cyl to a factor --- check your results
    
    Converting am to a factor --- check your results
    
     --- WARNING! ---
     You have an unbalanced design. Using Type II sum of
     squares, to calculate factor effect sizes eta and omega.
     The R Squared reported is for the overall model but your
     two factors account for 0.684 of the type II sum of
     squares, as opposed to the 0.788 reported below for
     overall model fit!
    
    
    Measures of overall model fit
    
    
    Table of group means
    
    
    Post hoc tests for all effects that were significant
    
    
    Testing Homogeneity of Variance with Brown-Forsythe
    
     *** Possible violation of the assumption ***
    
    Testing Normality Assumption with Shapiro-Wilk
    
    
    Interaction graph plotted...
    
    Attaching package: 'dplyr'
    
    The following objects are masked from 'package:stats':
    
     filter, lag
    
    The following objects are masked from 'package:base':
    
     intersect, setdiff, setequal, union
    
    
    Converting am to a factor --- check your results
    
    Converting cyl to a factor --- check your results
    
     --- WARNING! ---
     You have an unbalanced design. Using Type II sum of
     squares, to calculate factor effect sizes eta and omega.
     The R Squared reported is for the overall model but your
     two factors account for 0.557 of the type II sum of
     squares, as opposed to the 0.589 reported below for
     overall model fit!
    
    
    Measures of overall model fit
    
    
    Table of group means
    
    
    Post hoc tests for all effects that were significant
    
    
    Testing Homogeneity of Variance with Brown-Forsythe
    
    
    Testing Normality Assumption with Shapiro-Wilk
    
     *** Possible violation of the assumption. You may
     want to plot the residuals to see how they vary from normal ***
    
    Interaction graph plotted...
    --- finished re-building ‘Using-Plot2WayANOVA.Rmd’
    
    --- re-building ‘Using-PlotXTabs.Rmd’ using rmarkdown
    --- finished re-building ‘Using-PlotXTabs.Rmd’
    
    --- re-building ‘Using-PlotXTabs2.Rmd’ using rmarkdown
    --- finished re-building ‘Using-PlotXTabs2.Rmd’
    
    --- re-building ‘Using-chaid_table.Rmd’ using rmarkdown
    
    Attaching package: 'dplyr'
    
    The following objects are masked from 'package:stats':
    
     filter, lag
    
    The following objects are masked from 'package:base':
    
     intersect, setdiff, setequal, union
    
    Quitting from lines 88-94 (Using-chaid_table.Rmd)
    Error: processing vignette 'Using-chaid_table.Rmd' failed with diagnostics:
    Assigned data `min(unlist(nodeapply(chaidobject, ids = all_nodes, FUN = function(n) n$info)[[i]]))` must be compatible with existing data.
    ℹ Error occurred for column `adjustedp`.
    ✖ Lossy cast from `value` <double> to `x` <logical>.
    * Locations: 1.
    --- failed re-building ‘Using-chaid_table.Rmd’
    
    --- re-building ‘Using-newggslopegraph.Rmd’ using rmarkdown
    --- finished re-building ‘Using-newggslopegraph.Rmd’
    
    SUMMARY: processing the following file failed:
     ‘Using-chaid_table.Rmd’
    
    Error: Vignette re-building failed.
    Execution halted
Flavors: r-devel-linux-x86_64-fedora-clang, r-devel-linux-x86_64-fedora-gcc

Version: 0.5.9
Check: whether package can be installed
Result: ERROR
    Installation failed.
Flavor: r-oldrel-osx-x86_64