CRAN Package Check Results for Package CCTpack

Last updated on 2021-04-15 09:49:54 CEST.

Flavor Version Tinstall Tcheck Ttotal Status Flags
r-devel-linux-x86_64-debian-clang 1.5.2 15.53 76.07 91.60 NOTE
r-devel-linux-x86_64-debian-gcc 1.5.2 13.14 58.39 71.53 NOTE
r-devel-linux-x86_64-fedora-clang 1.5.2 125.16 NOTE
r-devel-linux-x86_64-fedora-gcc 1.5.2 120.23 NOTE
r-devel-windows-ix86+x86_64 1.5.2 23.00 87.00 110.00 OK
r-devel-windows-x86_64-gcc10-UCRT 1.5.2 OK
r-patched-linux-x86_64 1.5.2 15.62 70.62 86.24 NOTE
r-patched-solaris-x86 1.5.2 152.90 NOTE
r-release-linux-x86_64 1.5.2 16.36 70.55 86.91 NOTE
r-release-macos-x86_64 1.5.2 OK
r-release-windows-ix86+x86_64 1.5.2 17.00 83.00 100.00 OK
r-oldrel-macos-x86_64 1.5.2 OK
r-oldrel-windows-ix86+x86_64 1.5.2 19.00 57.00 76.00 OK

Check Details

Version: 1.5.2
Check: for non-standard things in the check directory
Result: NOTE
    Found the following files/directories:
     'hotcold.csv'
Flavors: r-devel-linux-x86_64-debian-clang, r-devel-linux-x86_64-debian-gcc, r-devel-linux-x86_64-fedora-clang, r-devel-linux-x86_64-fedora-gcc, r-patched-linux-x86_64, r-patched-solaris-x86, r-release-linux-x86_64