CRAN Package Check Results for Package CARBayesST

Last updated on 2020-02-21 17:47:42 CET.

Flavor Version Tinstall Tcheck Ttotal Status Flags
r-devel-linux-x86_64-debian-clang 3.0.2 64.27 252.38 316.65 OK
r-devel-linux-x86_64-debian-gcc 3.0.2 57.20 189.47 246.67 OK
r-devel-linux-x86_64-fedora-clang 3.0.2 393.32 NOTE
r-devel-linux-x86_64-fedora-gcc 3.0.2 388.84 OK
r-devel-windows-ix86+x86_64 3.0.2 120.00 310.00 430.00 OK
r-devel-windows-ix86+x86_64-gcc8 3.0.2 152.00 372.00 524.00 OK
r-patched-linux-x86_64 3.0.2 59.07 214.64 273.71 OK
r-patched-solaris-x86 3.0.2 467.60 OK
r-release-linux-x86_64 3.0.2 58.96 215.39 274.35 OK
r-release-windows-ix86+x86_64 3.0.2 106.00 311.00 417.00 OK
r-release-osx-x86_64 3.0.2 NOTE
r-oldrel-windows-ix86+x86_64 3.0.2 86.00 274.00 360.00 OK
r-oldrel-osx-x86_64 3.0.2 NOTE

Check Details

Version: 3.0.2
Check: installed package size
Result: NOTE
     installed size is 5.9Mb
     sub-directories of 1Mb or more:
     doc 1.1Mb
     libs 4.1Mb
Flavors: r-devel-linux-x86_64-fedora-clang, r-release-osx-x86_64, r-oldrel-osx-x86_64