CRAN Package Check Results for Package BuyseTest

Last updated on 2020-03-30 20:48:23 CEST.

Flavor Version Tinstall Tcheck Ttotal Status Flags
r-devel-linux-x86_64-debian-clang 1.8.5 59.22 191.31 250.53 OK
r-devel-linux-x86_64-debian-gcc 1.8.5 48.90 168.39 217.29 OK
r-devel-linux-x86_64-fedora-clang 1.8.5 278.58 NOTE
r-devel-linux-x86_64-fedora-gcc 1.8.5 270.85 OK
r-devel-windows-ix86+x86_64 1.8.5 95.00 159.00 254.00 OK --no-examples --no-tests --no-vignettes
r-devel-windows-ix86+x86_64-gcc8 1.8.5 97.00 131.00 228.00 OK --no-examples --no-tests --no-vignettes
r-patched-linux-x86_64 1.8.5 50.64 169.28 219.92 OK
r-patched-solaris-x86 1.8.5 288.10 OK
r-release-linux-x86_64 1.8.5 51.09 154.45 205.54 OK
r-release-windows-ix86+x86_64 1.8.5 147.00 131.00 278.00 OK --no-examples --no-tests --no-vignettes
r-release-osx-x86_64 1.8.5 NOTE
r-oldrel-windows-ix86+x86_64 1.8.5 142.00 161.00 303.00 OK --no-examples --no-tests --no-vignettes
r-oldrel-osx-x86_64 1.8.5 OK

Check Details

Version: 1.8.5
Check: installed package size
Result: NOTE
     installed size is 5.4Mb
     sub-directories of 1Mb or more:
     libs 4.4Mb
Flavors: r-devel-linux-x86_64-fedora-clang, r-release-osx-x86_64