CRAN Package Check Results for Package BreakPoints

Last updated on 2021-04-15 09:49:53 CEST.

Flavor Version Tinstall Tcheck Ttotal Status Flags
r-devel-linux-x86_64-debian-clang 1.2 3.20 28.23 31.43 NOTE
r-devel-linux-x86_64-debian-gcc 1.2 2.44 21.55 23.99 NOTE
r-devel-linux-x86_64-fedora-clang 1.2 46.77 NOTE
r-devel-linux-x86_64-fedora-gcc 1.2 38.16 NOTE
r-devel-windows-ix86+x86_64 1.2 6.00 48.00 54.00 NOTE
r-devel-windows-x86_64-gcc10-UCRT 1.2 NOTE
r-patched-linux-x86_64 1.2 3.07 26.65 29.72 OK
r-patched-solaris-x86 1.2 56.80 OK
r-release-linux-x86_64 1.2 2.82 26.78 29.60 OK
r-release-macos-x86_64 1.2 OK
r-release-windows-ix86+x86_64 1.2 5.00 43.00 48.00 OK
r-oldrel-macos-x86_64 1.2 OK
r-oldrel-windows-ix86+x86_64 1.2 5.00 31.00 36.00 OK

Check Details

Version: 1.2
Check: LazyData
Result: NOTE
     'LazyData' is specified without a 'data' directory
Flavors: r-devel-linux-x86_64-debian-clang, r-devel-linux-x86_64-debian-gcc, r-devel-linux-x86_64-fedora-clang, r-devel-linux-x86_64-fedora-gcc, r-devel-windows-ix86+x86_64, r-devel-windows-x86_64-gcc10-UCRT