CRAN Package Check Results for Package BootstrapQTL

Last updated on 2020-03-30 20:48:22 CEST.

Flavor Version Tinstall Tcheck Ttotal Status Flags
r-devel-linux-x86_64-debian-clang 1.0.2 3.51 41.54 45.05 OK
r-devel-linux-x86_64-debian-gcc 1.0.2 2.39 32.46 34.85 OK
r-devel-linux-x86_64-fedora-clang 1.0.2 51.85 OK
r-devel-linux-x86_64-fedora-gcc 1.0.2 51.63 OK
r-devel-windows-ix86+x86_64 1.0.2 8.00 52.00 60.00 NOTE
r-devel-windows-ix86+x86_64-gcc8 1.0.2 6.00 59.00 65.00 NOTE
r-patched-linux-x86_64 1.0.2 3.27 39.09 42.36 OK
r-patched-solaris-x86 1.0.2 74.20 OK
r-release-linux-x86_64 1.0.2 2.53 38.42 40.95 OK
r-release-windows-ix86+x86_64 1.0.2 9.00 82.00 91.00 NOTE
r-release-osx-x86_64 1.0.2 NOTE
r-oldrel-windows-ix86+x86_64 1.0.2 5.00 77.00 82.00 NOTE
r-oldrel-osx-x86_64 1.0.2 OK

Check Details

Version: 1.0.2
Check: package dependencies
Result: NOTE
    Package suggested but not available for checking: 'doMC'
Flavors: r-devel-windows-ix86+x86_64, r-devel-windows-ix86+x86_64-gcc8, r-release-windows-ix86+x86_64, r-oldrel-windows-ix86+x86_64

Version: 1.0.2
Check: package dependencies
Result: NOTE
    Package suggested but not available for checking: ‘qvalue’
Flavor: r-release-osx-x86_64

Version: 1.0.2
Check: Rd cross-references
Result: NOTE
    Package unavailable to check Rd xrefs: ‘qvalue’
Flavor: r-release-osx-x86_64