CRAN Package Check Results for Package BisRNA

Last updated on 2021-04-15 09:49:53 CEST.

Flavor Version Tinstall Tcheck Ttotal Status Flags
r-devel-linux-x86_64-debian-clang 0.2.2 1.92 26.72 28.64 OK
r-devel-linux-x86_64-debian-gcc 0.2.2 1.62 20.91 22.53 OK
r-devel-linux-x86_64-fedora-clang 0.2.2 44.35 OK
r-devel-linux-x86_64-fedora-gcc 0.2.2 35.60 OK
r-devel-windows-ix86+x86_64 0.2.2 5.00 49.00 54.00 OK
r-devel-windows-x86_64-gcc10-UCRT 0.2.2 NOTE
r-patched-linux-x86_64 0.2.2 1.91 25.89 27.80 OK
r-patched-solaris-x86 0.2.2 51.70 NOTE
r-release-linux-x86_64 0.2.2 1.82 25.89 27.71 OK
r-release-macos-x86_64 0.2.2 NOTE
r-release-windows-ix86+x86_64 0.2.2 5.00 44.00 49.00 OK
r-oldrel-macos-x86_64 0.2.2 NOTE
r-oldrel-windows-ix86+x86_64 0.2.2 4.00 32.00 36.00 OK

Check Details

Version: 0.2.2
Check: package dependencies
Result: NOTE
    Package suggested but not available for checking: 'IHW'
Flavors: r-devel-windows-x86_64-gcc10-UCRT, r-patched-solaris-x86, r-release-macos-x86_64, r-oldrel-macos-x86_64