CRAN Package Check Results for Package BiDAG

Last updated on 2021-06-16 09:53:16 CEST.

Flavor Version Tinstall Tcheck Ttotal Status Flags
r-devel-linux-x86_64-debian-clang 2.0.2 34.30 131.31 165.61 OK
r-devel-linux-x86_64-debian-gcc 2.0.2 25.50 103.69 129.19 OK
r-devel-linux-x86_64-fedora-clang 2.0.2 209.01 OK
r-devel-linux-x86_64-fedora-gcc 2.0.2 197.64 OK
r-devel-windows-x86_64 2.0.2 48.00 158.00 206.00 OK
r-devel-windows-x86_64-gcc10-UCRT 2.0.2 ERROR
r-patched-linux-x86_64 2.0.2 29.04 125.83 154.87 OK
r-patched-solaris-x86 2.0.2 233.60 OK
r-release-linux-x86_64 2.0.2 27.65 125.28 152.93 OK
r-release-macos-arm64 2.0.2 ERROR
r-release-macos-x86_64 2.0.2 OK
r-release-windows-ix86+x86_64 2.0.2 73.00 196.00 269.00 OK
r-oldrel-macos-x86_64 2.0.2 OK
r-oldrel-windows-ix86+x86_64 2.0.2 67.00 209.00 276.00 OK

Check Details

Version: 2.0.2
Check: package dependencies
Result: ERROR
    Package required but not available: 'Rgraphviz'
    
    See section 'The DESCRIPTION file' in the 'Writing R Extensions'
    manual.
Flavor: r-devel-windows-x86_64-gcc10-UCRT

Version: 2.0.2
Check: package dependencies
Result: ERROR
    Package required but not available: ‘pcalg’
    
    See section ‘The DESCRIPTION file’ in the ‘Writing R Extensions’
    manual.
Flavor: r-release-macos-arm64