CRAN Package Check Results for Package BetaBit

Last updated on 2021-04-15 09:49:53 CEST.

Flavor Version Tinstall Tcheck Ttotal Status Flags
r-devel-linux-x86_64-debian-clang 1.4 4.23 29.20 33.43 OK
r-devel-linux-x86_64-debian-gcc 1.4 3.44 23.33 26.77 OK
r-devel-linux-x86_64-fedora-clang 1.4 53.43 NOTE
r-devel-linux-x86_64-fedora-gcc 1.4 40.55 NOTE
r-devel-windows-ix86+x86_64 1.4 8.00 51.00 59.00 OK
r-devel-windows-x86_64-gcc10-UCRT 1.4 NOTE
r-patched-linux-x86_64 1.4 4.56 28.00 32.56 OK
r-patched-solaris-x86 1.4 59.50 NOTE
r-release-linux-x86_64 1.4 4.58 28.16 32.74 OK
r-release-macos-x86_64 1.4 NOTE
r-release-windows-ix86+x86_64 1.4 7.00 48.00 55.00 OK
r-oldrel-macos-x86_64 1.4 NOTE
r-oldrel-windows-ix86+x86_64 1.4 7.00 32.00 39.00 OK

Check Details

Version: 1.4
Check: data for non-ASCII characters
Result: NOTE
     Note: found 20 marked UTF-8 strings
Flavors: r-devel-linux-x86_64-fedora-clang, r-devel-linux-x86_64-fedora-gcc, r-devel-windows-x86_64-gcc10-UCRT, r-patched-solaris-x86, r-release-macos-x86_64, r-oldrel-macos-x86_64