CRAN Package Check Results for Package BayesMFSurv

Last updated on 2021-06-22 09:51:28 CEST.

Flavor Version Tinstall Tcheck Ttotal Status Flags
r-devel-linux-x86_64-debian-clang 0.1.0 36.83 86.47 123.30 OK
r-devel-linux-x86_64-debian-gcc 0.1.0 25.45 64.66 90.11 OK
r-devel-linux-x86_64-fedora-clang 0.1.0 165.80 NOTE
r-devel-linux-x86_64-fedora-gcc 0.1.0 149.55 NOTE
r-devel-windows-x86_64 0.1.0 49.00 121.00 170.00 OK
r-devel-windows-x86_64-gcc10-UCRT 0.1.0 NOTE
r-patched-linux-x86_64 0.1.0 30.86 83.55 114.41 OK
r-patched-solaris-x86 0.1.0 209.40 NOTE
r-release-linux-x86_64 0.1.0 28.02 83.20 111.22 OK
r-release-macos-arm64 0.1.0 NOTE
r-release-macos-x86_64 0.1.0 NOTE
r-release-windows-ix86+x86_64 0.1.0 88.00 134.00 222.00 OK
r-oldrel-macos-x86_64 0.1.0 NOTE

Check Details

Version: 0.1.0
Check: dependencies in R code
Result: NOTE
    Namespace in Imports field not imported from: ‘FastGP’
     All declared Imports should be used.
Flavors: r-devel-linux-x86_64-fedora-clang, r-devel-linux-x86_64-fedora-gcc, r-devel-windows-x86_64-gcc10-UCRT, r-patched-solaris-x86, r-release-macos-arm64, r-release-macos-x86_64, r-oldrel-macos-x86_64