CRAN Package Check Results for Package BayesLN

Last updated on 2020-07-06 21:50:10 CEST.

Flavor Version Tinstall Tcheck Ttotal Status Flags
r-devel-linux-x86_64-debian-clang 0.1.2 80.60 190.03 270.63 OK
r-devel-linux-x86_64-debian-gcc 0.1.2 64.67 152.56 217.23 OK
r-devel-linux-x86_64-fedora-clang 0.1.2 366.12 NOTE
r-devel-linux-x86_64-fedora-gcc 0.1.2 343.21 OK
r-devel-windows-ix86+x86_64 0.1.2 205.00 304.00 509.00 OK
r-patched-linux-x86_64 0.1.2 71.08 187.66 258.74 OK
r-patched-solaris-x86 0.1.2 497.90 OK
r-release-linux-x86_64 0.1.2 68.67 192.00 260.67 OK
r-release-osx-x86_64 0.1.2 OK
r-release-windows-ix86+x86_64 0.1.2 164.00 227.00 391.00 OK
r-oldrel-osx-x86_64 0.1.2 OK
r-oldrel-windows-ix86+x86_64 0.1.2 174.00 282.00 456.00 OK

Check Details

Version: 0.1.2
Check: installed package size
Result: NOTE
     installed size is 5.3Mb
     sub-directories of 1Mb or more:
     libs 5.0Mb
Flavor: r-devel-linux-x86_64-fedora-clang