CRAN Package Check Results for Package BayesESS

Last updated on 2021-04-15 09:49:52 CEST.

Flavor Version Tinstall Tcheck Ttotal Status Flags
r-devel-linux-x86_64-debian-clang 0.1.19 58.56 81.85 140.41 NOTE
r-devel-linux-x86_64-debian-gcc 0.1.19 39.95 63.86 103.81 NOTE
r-devel-linux-x86_64-fedora-clang 0.1.19 191.80 NOTE
r-devel-linux-x86_64-fedora-gcc 0.1.19 174.18 NOTE
r-devel-windows-ix86+x86_64 0.1.19 142.00 143.00 285.00 NOTE
r-devel-windows-x86_64-gcc10-UCRT 0.1.19 NOTE
r-patched-linux-x86_64 0.1.19 45.80 77.64 123.44 OK
r-patched-solaris-x86 0.1.19 212.40 NOTE
r-release-linux-x86_64 0.1.19 47.52 77.65 125.17 OK
r-release-macos-x86_64 0.1.19 NOTE
r-release-windows-ix86+x86_64 0.1.19 139.00 149.00 288.00 OK
r-oldrel-macos-x86_64 0.1.19 NOTE
r-oldrel-windows-ix86+x86_64 0.1.19 120.00 95.00 215.00 OK

Check Details

Version: 0.1.19
Check: LazyData
Result: NOTE
     'LazyData' is specified without a 'data' directory
Flavors: r-devel-linux-x86_64-debian-clang, r-devel-linux-x86_64-debian-gcc, r-devel-linux-x86_64-fedora-clang, r-devel-linux-x86_64-fedora-gcc, r-devel-windows-ix86+x86_64, r-devel-windows-x86_64-gcc10-UCRT

Version: 0.1.19
Check: dependencies in R code
Result: NOTE
    Namespaces in Imports field not imported from:
     ‘MASS’ ‘MatrixModels’
     All declared Imports should be used.
Flavors: r-devel-linux-x86_64-fedora-clang, r-devel-linux-x86_64-fedora-gcc, r-devel-windows-x86_64-gcc10-UCRT, r-patched-solaris-x86, r-release-macos-x86_64, r-oldrel-macos-x86_64