CRAN Package Check Results for Package BaseSet

Last updated on 2021-04-15 09:49:52 CEST.

Flavor Version Tinstall Tcheck Ttotal Status Flags
r-devel-linux-x86_64-debian-clang 0.0.15 9.37 288.39 297.76 NOTE
r-devel-linux-x86_64-debian-gcc 0.0.15 7.11 212.68 219.79 NOTE
r-devel-linux-x86_64-fedora-clang 0.0.15 378.52 NOTE
r-devel-linux-x86_64-fedora-gcc 0.0.15 372.67 NOTE
r-devel-windows-ix86+x86_64 0.0.15 22.00 367.00 389.00 NOTE
r-devel-windows-x86_64-gcc10-UCRT 0.0.15 NOTE
r-patched-linux-x86_64 0.0.15 8.24 277.81 286.05 OK
r-patched-solaris-x86 0.0.15 484.50 OK
r-release-linux-x86_64 0.0.15 7.28 278.48 285.76 OK
r-release-macos-x86_64 0.0.15 NOTE
r-release-windows-ix86+x86_64 0.0.15 28.00 362.00 390.00 OK
r-oldrel-macos-x86_64 0.0.15 ERROR
r-oldrel-windows-ix86+x86_64 0.0.14 10.00 259.00 269.00 ERROR

Check Details

Version: 0.0.15
Check: LazyData
Result: NOTE
     'LazyData' is specified without a 'data' directory
Flavors: r-devel-linux-x86_64-debian-clang, r-devel-linux-x86_64-debian-gcc, r-devel-linux-x86_64-fedora-clang, r-devel-linux-x86_64-fedora-gcc, r-devel-windows-ix86+x86_64, r-devel-windows-x86_64-gcc10-UCRT

Version: 0.0.15
Check: package dependencies
Result: NOTE
    Package suggested but not available for checking: 'reactome.db'
Flavors: r-devel-windows-x86_64-gcc10-UCRT, r-release-macos-x86_64

Version: 0.0.15
Check: package dependencies
Result: NOTE
    Packages suggested but not available for checking:
     'GO.db', 'org.Hs.eg.db', 'reactome.db'
Flavor: r-oldrel-macos-x86_64

Version: 0.0.15
Check: whether package can be installed
Result: ERROR
    Installation failed.
Flavor: r-oldrel-macos-x86_64

Version: 0.0.14
Check: tests
Result: ERROR
     Running 'spelling.R' [0s]
     Running 'testthat.R' [10s]
    Running the tests in 'tests/testthat.R' failed.
    Complete output:
     > library(testthat)
     > library(BaseSet)
    
     Attaching package: 'BaseSet'
    
     The following object is masked from 'package:stats':
    
     filter
    
     The following object is masked from 'package:base':
    
     union
    
     >
     > test_check("BaseSet")
     == Failed tests ================================================================
     -- Failure (test-element_size.R:18:5): element_size works ----------------------
     nrow(out) not equal to 2L.
     1/1 mismatches
     [1] 7 - 2 == 5
     -- Failure (test-element_size.R:19:5): element_size works ----------------------
     out$size not equal to c(0, 1).
     Lengths differ: 7 is not 2
     -- Failure (test-pull.R:29:5): pull works --------------------------------------
     `out` not equal to c("a", "b", "a2", "b2").
     'current' is not a factor
     -- Failure (test-pull.R:59:5): pull uses active --------------------------------
     `out` not equal to c("a", "b", "a2", "b2").
     'current' is not a factor
    
     [ FAIL 4 | WARN 0 | SKIP 0 | PASS 407 ]
     Error: Test failures
     Execution halted
Flavor: r-oldrel-windows-ix86+x86_64