CRAN Package Check Results for Package BacArena

Last updated on 2021-06-24 09:52:21 CEST.

Flavor Version Tinstall Tcheck Ttotal Status Flags
r-devel-linux-x86_64-debian-clang 1.8.2 95.35 357.30 452.65 OK
r-devel-linux-x86_64-debian-gcc 1.8.2 68.85 265.66 334.51 OK
r-devel-linux-x86_64-fedora-clang 1.8.2 561.13 NOTE
r-devel-linux-x86_64-fedora-gcc 1.8.2 541.05 NOTE
r-devel-windows-x86_64 1.8.2 126.00 438.00 564.00 NOTE
r-devel-windows-x86_64-gcc10-UCRT 1.8.2 NOTE
r-patched-linux-x86_64 1.8.2 82.37 338.90 421.27 OK
r-patched-solaris-x86 1.8.2 704.60 NOTE
r-release-linux-x86_64 1.8.2 82.05 328.19 410.24 OK
r-release-macos-arm64 1.8.2 NOTE
r-release-macos-x86_64 1.8.2 NOTE
r-release-windows-ix86+x86_64 1.8.2 148.00 523.00 671.00 NOTE
r-oldrel-macos-x86_64 1.8.2 NOTE

Check Details

Version: 1.8.2
Check: installed package size
Result: NOTE
     installed size is 8.2Mb
     sub-directories of 1Mb or more:
     R 1.2Mb
     data 3.3Mb
     libs 3.0Mb
Flavors: r-devel-linux-x86_64-fedora-clang, r-devel-windows-x86_64, r-patched-solaris-x86, r-release-macos-arm64, r-release-macos-x86_64, r-release-windows-ix86+x86_64, r-oldrel-macos-x86_64

Version: 1.8.2
Check: dependencies in R code
Result: NOTE
    Namespace in Imports field not imported from: ‘glpkAPI’
     All declared Imports should be used.
Flavors: r-devel-linux-x86_64-fedora-clang, r-devel-linux-x86_64-fedora-gcc, r-devel-windows-x86_64-gcc10-UCRT, r-patched-solaris-x86, r-release-macos-arm64, r-release-macos-x86_64, r-oldrel-macos-x86_64