CRAN Package Check Results for Package BTYDplus

Last updated on 2021-06-20 09:49:43 CEST.

Flavor Version Tinstall Tcheck Ttotal Status Flags
r-devel-linux-x86_64-debian-clang 1.2.0 31.98 498.30 530.28 OK
r-devel-linux-x86_64-debian-gcc 1.2.0 23.19 278.01 301.20 OK
r-devel-linux-x86_64-fedora-clang 1.2.0 556.60 OK
r-devel-linux-x86_64-fedora-gcc 1.2.0 481.33 OK
r-devel-windows-x86_64 1.2.0 42.00 266.00 308.00 OK --no-vignettes
r-devel-windows-x86_64-gcc10-UCRT 1.2.0 NOTE
r-patched-linux-x86_64 1.2.0 27.88 370.39 398.27 OK
r-patched-solaris-x86 1.2.0 747.50 OK
r-release-linux-x86_64 1.2.0 19.01 369.92 388.93 OK
r-release-macos-arm64 1.2.0 OK
r-release-macos-x86_64 1.2.0 OK
r-release-windows-ix86+x86_64 1.2.0 68.00 353.00 421.00 OK --no-vignettes
r-oldrel-macos-x86_64 1.2.0 OK
r-oldrel-windows-ix86+x86_64 1.2.0 50.00 491.00 541.00 OK --no-vignettes

Check Details

Version: 1.2.0
Check: package dependencies
Result: NOTE
    Packages suggested but not available for checking: 'covr', 'lintr'
Flavor: r-devel-windows-x86_64-gcc10-UCRT