CRAN Package Check Results for Package BTYDplus

Last updated on 2020-07-06 21:50:11 CEST.

Flavor Version Tinstall Tcheck Ttotal Status Flags
r-devel-linux-x86_64-debian-clang 1.0.1 32.84 524.64 557.48 OK
r-devel-linux-x86_64-debian-gcc 1.0.1 21.90 338.65 360.55 OK
r-devel-linux-x86_64-fedora-clang 1.0.1 552.62 NOTE
r-devel-linux-x86_64-fedora-gcc 1.0.1 480.86 NOTE
r-devel-windows-ix86+x86_64 1.0.1 72.00 393.00 465.00 OK --no-vignettes
r-patched-linux-x86_64 1.0.1 22.52 425.06 447.58 OK
r-patched-solaris-x86 1.0.1 762.60 OK
r-release-linux-x86_64 1.0.1 25.64 413.79 439.43 OK
r-release-osx-x86_64 1.0.1 OK
r-release-windows-ix86+x86_64 1.0.1 54.00 402.00 456.00 OK --no-vignettes
r-oldrel-osx-x86_64 1.0.1 OK
r-oldrel-windows-ix86+x86_64 1.0.1 61.00 493.00 554.00 OK --no-vignettes

Check Details

Version: 1.0.1
Check: compiled code
Result: NOTE
    File ‘BTYDplus/libs/BTYDplus.so’:
     Found no calls to: ‘R_registerRoutines’, ‘R_useDynamicSymbols’
    
    It is good practice to register native routines and to disable symbol
    search.
    
    See ‘Writing portable packages’ in the ‘Writing R Extensions’ manual.
Flavors: r-devel-linux-x86_64-fedora-clang, r-devel-linux-x86_64-fedora-gcc