CRAN Package Check Results for Package BTYDplus

Last updated on 2020-02-17 14:47:41 CET.

Flavor Version Tinstall Tcheck Ttotal Status Flags
r-devel-linux-x86_64-debian-clang 1.0.1 26.92 537.79 564.71 OK
r-devel-linux-x86_64-debian-gcc 1.0.1 21.30 345.85 367.15 OK
r-devel-linux-x86_64-fedora-clang 1.0.1 551.00 NOTE
r-devel-linux-x86_64-fedora-gcc 1.0.1 485.10 NOTE
r-devel-windows-ix86+x86_64 1.0.1 53.00 395.00 448.00 OK --no-vignettes
r-devel-windows-ix86+x86_64-gcc8 1.0.1 74.00 391.00 465.00 OK --no-vignettes
r-patched-linux-x86_64 1.0.1 22.83 408.39 431.22 OK
r-patched-solaris-x86 1.0.1 748.90 OK
r-release-linux-x86_64 1.0.1 21.51 407.12 428.63 OK
r-release-windows-ix86+x86_64 1.0.1 44.00 385.00 429.00 OK --no-vignettes
r-release-osx-x86_64 1.0.1 OK
r-oldrel-windows-ix86+x86_64 1.0.1 36.00 481.00 517.00 OK --no-vignettes
r-oldrel-osx-x86_64 1.0.1 OK

Check Details

Version: 1.0.1
Check: compiled code
Result: NOTE
    File ‘BTYDplus/libs/BTYDplus.so’:
     Found no calls to: ‘R_registerRoutines’, ‘R_useDynamicSymbols’
    
    It is good practice to register native routines and to disable symbol
    search.
    
    See ‘Writing portable packages’ in the ‘Writing R Extensions’ manual.
Flavors: r-devel-linux-x86_64-fedora-clang, r-devel-linux-x86_64-fedora-gcc