CRAN Package Check Results for Package BSS

Last updated on 2021-04-15 09:49:53 CEST.

Flavor Version Tinstall Tcheck Ttotal Status Flags
r-devel-linux-x86_64-debian-clang 0.1.0 3.09 29.78 32.87 NOTE
r-devel-linux-x86_64-debian-gcc 0.1.0 2.40 23.24 25.64 NOTE
r-devel-linux-x86_64-fedora-clang 0.1.0 48.32 NOTE
r-devel-linux-x86_64-fedora-gcc 0.1.0 39.98 NOTE
r-devel-windows-ix86+x86_64 0.1.0 8.00 47.00 55.00 NOTE
r-devel-windows-x86_64-gcc10-UCRT 0.1.0 NOTE
r-patched-linux-x86_64 0.1.0 3.13 28.81 31.94 OK
r-patched-solaris-x86 0.1.0 62.60 OK
r-release-linux-x86_64 0.1.0 2.98 28.49 31.47 OK
r-release-macos-x86_64 0.1.0 OK
r-release-windows-ix86+x86_64 0.1.0 6.00 53.00 59.00 OK
r-oldrel-macos-x86_64 0.1.0 OK
r-oldrel-windows-ix86+x86_64 0.1.0 5.00 33.00 38.00 OK

Check Details

Version: 0.1.0
Check: LazyData
Result: NOTE
     'LazyData' is specified without a 'data' directory
Flavors: r-devel-linux-x86_64-debian-clang, r-devel-linux-x86_64-debian-gcc, r-devel-linux-x86_64-fedora-clang, r-devel-linux-x86_64-fedora-gcc, r-devel-windows-ix86+x86_64, r-devel-windows-x86_64-gcc10-UCRT