CRAN Package Check Results for Package BOSSreg

Last updated on 2021-04-15 09:49:53 CEST.

Flavor Version Tinstall Tcheck Ttotal Status Flags
r-devel-linux-x86_64-debian-clang 0.2.0 34.63 48.23 82.86 NOTE
r-devel-linux-x86_64-debian-gcc 0.2.0 21.86 37.84 59.70 NOTE
r-devel-linux-x86_64-fedora-clang 0.2.0 116.36 NOTE
r-devel-linux-x86_64-fedora-gcc 0.2.0 101.74 NOTE
r-devel-windows-ix86+x86_64 0.2.0 82.00 108.00 190.00 NOTE
r-devel-windows-x86_64-gcc10-UCRT 0.2.0 NOTE
r-patched-linux-x86_64 0.2.0 27.02 47.17 74.19 OK
r-patched-solaris-x86 0.2.0 107.20 OK
r-release-linux-x86_64 0.2.0 27.01 47.08 74.09 OK
r-release-macos-x86_64 0.2.0 OK
r-release-windows-ix86+x86_64 0.2.0 64.00 121.00 185.00 OK
r-oldrel-macos-x86_64 0.2.0 OK
r-oldrel-windows-ix86+x86_64 0.2.0 69.00 77.00 146.00 OK

Check Details

Version: 0.2.0
Check: LazyData
Result: NOTE
     'LazyData' is specified without a 'data' directory
Flavors: r-devel-linux-x86_64-debian-clang, r-devel-linux-x86_64-debian-gcc, r-devel-linux-x86_64-fedora-clang, r-devel-linux-x86_64-fedora-gcc, r-devel-windows-ix86+x86_64, r-devel-windows-x86_64-gcc10-UCRT