CRAN Package Check Results for Package BMRV

Last updated on 2021-04-15 09:49:53 CEST.

Flavor Version Tinstall Tcheck Ttotal Status Flags
r-devel-linux-x86_64-debian-clang 1.32 22.37 36.47 58.84 OK
r-devel-linux-x86_64-debian-gcc 1.32 20.22 28.72 48.94 OK
r-devel-linux-x86_64-fedora-clang 1.32 89.98 NOTE
r-devel-linux-x86_64-fedora-gcc 1.32 79.31 NOTE
r-devel-windows-ix86+x86_64 1.32 58.00 91.00 149.00 OK
r-devel-windows-x86_64-gcc10-UCRT 1.32 OK
r-patched-linux-x86_64 1.32 23.58 35.60 59.18 OK
r-patched-solaris-x86 1.32 164.60 OK
r-release-linux-x86_64 1.32 25.07 35.19 60.26 OK
r-release-macos-x86_64 1.32 OK
r-release-windows-ix86+x86_64 1.32 56.00 76.00 132.00 OK
r-oldrel-macos-x86_64 1.32 OK
r-oldrel-windows-ix86+x86_64 1.32 38.00 65.00 103.00 OK

Check Details

Version: 1.32
Check: compiled code
Result: NOTE
    File ‘BMRV/libs/BMRV.so’:
     Found no calls to: ‘R_registerRoutines’, ‘R_useDynamicSymbols’
    
    It is good practice to register native routines and to disable symbol
    search.
    
    See ‘Writing portable packages’ in the ‘Writing R Extensions’ manual.
Flavors: r-devel-linux-x86_64-fedora-clang, r-devel-linux-x86_64-fedora-gcc