CRAN Package Check Results for Package BIGL

Last updated on 2020-05-29 17:49:00 CEST.

Flavor Version Tinstall Tcheck Ttotal Status Flags
r-devel-linux-x86_64-debian-clang 1.4.3 8.37 411.42 419.79 OK
r-devel-linux-x86_64-debian-gcc 1.4.3 7.70 276.26 283.96 OK
r-devel-linux-x86_64-fedora-clang 1.4.3 476.19 OK
r-devel-linux-x86_64-fedora-gcc 1.4.3 463.95 OK
r-devel-windows-ix86+x86_64 1.4.3 33.00 503.00 536.00 OK
r-patched-linux-x86_64 1.4.3 8.78 397.45 406.23 OK
r-patched-solaris-x86 1.4.3 405.20 WARN
r-release-linux-x86_64 1.4.3 9.93 397.59 407.52 OK
r-release-osx-x86_64 1.4.3 OK
r-release-windows-ix86+x86_64 1.4.3 28.00 370.00 398.00 OK
r-oldrel-osx-x86_64 1.4.3 WARN
r-oldrel-windows-ix86+x86_64 1.4.3 17.00 368.00 385.00 OK

Additional issues

ATLAS

Check Details

Version: 1.4.3
Check: re-building of vignette outputs
Result: WARN
    Error(s) in re-building vignettes:
     ...
    --- re-building ‘analysis.Rmd’ using rmarkdown
    Warning in engine$weave(file, quiet = quiet, encoding = enc) :
     Pandoc (>= 1.12.3) and/or pandoc-citeproc not available. Falling back to R Markdown v1.
    Warning: Transformation introduced infinite values in continuous x-axis
    Warning: Transformation introduced infinite values in continuous y-axis
    Warning: Transformation introduced infinite values in continuous x-axis
    Warning: Transformation introduced infinite values in continuous y-axis
    Warning: Removed 199 rows containing non-finite values (stat_contour).
    Warning in normalizePath(f2) :
     path[1]="webshot1c6a8565eff.png": No such file or directory
    Warning in file(con, "rb") :
     cannot open file 'webshot1c6a8565eff.png': No such file or directory
    Quitting from lines 245-248 (analysis.Rmd)
    Error: processing vignette 'analysis.Rmd' failed with diagnostics:
    cannot open the connection
    --- failed re-building ‘analysis.Rmd’
    
    --- re-building ‘methodology.Rmd’ using rmarkdown
    Warning in engine$weave(file, quiet = quiet, encoding = enc) :
     Pandoc (>= 1.12.3) and/or pandoc-citeproc not available. Falling back to R Markdown v1.
    --- finished re-building ‘methodology.Rmd’
    
    SUMMARY: processing the following file failed:
     ‘analysis.Rmd’
    
    Error: Vignette re-building failed.
    Execution halted
Flavor: r-patched-solaris-x86

Version: 1.4.3
Check: whether package can be installed
Result: WARN
    Found the following significant warnings:
     Warning: 'rgl_init' failed, running with rgl.useNULL = TRUE
Flavor: r-oldrel-osx-x86_64

Version: 1.4.3
Check: dependencies in R code
Result: NOTE
    No protocol specified
Flavor: r-oldrel-osx-x86_64

Version: 1.4.3
Check: S3 generic/method consistency
Result: WARN
    No protocol specified
    See section ‘Generic functions and methods’ in the ‘Writing R
    Extensions’ manual.
Flavor: r-oldrel-osx-x86_64

Version: 1.4.3
Check: replacement functions
Result: WARN
    No protocol specified
    The argument of a replacement function which corresponds to the right
    hand side must be named ‘value’.
Flavor: r-oldrel-osx-x86_64

Version: 1.4.3
Check: foreign function calls
Result: NOTE
    No protocol specified
    See chapter ‘System and foreign language interfaces’ in the ‘Writing R
    Extensions’ manual.
Flavor: r-oldrel-osx-x86_64

Version: 1.4.3
Check: R code for possible problems
Result: NOTE
    No protocol specified
Flavor: r-oldrel-osx-x86_64

Version: 1.4.3
Check: for missing documentation entries
Result: WARN
    No protocol specified
    All user-level objects in a package should have documentation entries.
    See chapter ‘Writing R documentation files’ in the ‘Writing R
    Extensions’ manual.
Flavor: r-oldrel-osx-x86_64

Version: 1.4.3
Check: for code/documentation mismatches
Result: WARN
    No protocol specified
    No protocol specified
    No protocol specified
Flavor: r-oldrel-osx-x86_64

Version: 1.4.3
Check: Rd \usage sections
Result: NOTE
    No protocol specified
    The \usage entries for S3 methods should use the \method markup and not
    their full name.
    See chapter ‘Writing R documentation files’ in the ‘Writing R
    Extensions’ manual.
Flavor: r-oldrel-osx-x86_64

Version: 1.4.3
Check: re-building of vignette outputs
Result: WARN
    Error(s) in re-building vignettes:
    --- re-building ‘analysis.Rmd’ using rmarkdown
    Warning in engine$weave(file, quiet = quiet, encoding = enc) :
     Pandoc (>= 1.12.3) and/or pandoc-citeproc not available. Falling back to R Markdown v1.
    No protocol specified
    Warning: Transformation introduced infinite values in continuous x-axis
    Warning: Transformation introduced infinite values in continuous y-axis
    Warning: Transformation introduced infinite values in continuous x-axis
    Warning: Transformation introduced infinite values in continuous y-axis
    Warning: Removed 199 rows containing non-finite values (stat_contour).
    Warning in normalizePath(f2) :
     path[1]="webshot142971fec70e2.png": No such file or directory
    Warning in file(con, "rb") :
     cannot open file 'webshot142971fec70e2.png': No such file or directory
    Quitting from lines 245-248 (analysis.Rmd)
    Error: processing vignette 'analysis.Rmd' failed with diagnostics:
    cannot open the connection
    --- failed re-building ‘analysis.Rmd’
    
    --- re-building ‘methodology.Rmd’ using rmarkdown
    Warning in engine$weave(file, quiet = quiet, encoding = enc) :
     Pandoc (>= 1.12.3) and/or pandoc-citeproc not available. Falling back to R Markdown v1.
    --- finished re-building ‘methodology.Rmd’
    
    SUMMARY: processing the following file failed:
     ‘analysis.Rmd’
    
    Error: Vignette re-building failed.
    Execution halted
Flavor: r-oldrel-osx-x86_64