CRAN Package Check Results for Package BIGDAWG

Last updated on 2021-10-27 08:55:58 CEST.

Flavor Version Tinstall Tcheck Ttotal Status Flags
r-devel-linux-x86_64-debian-clang 2.3.6 13.25 67.54 80.79 NOTE
r-devel-linux-x86_64-debian-gcc 2.3.6 11.37 50.95 62.32 NOTE
r-devel-linux-x86_64-fedora-clang 2.3.6 109.12 NOTE
r-devel-linux-x86_64-fedora-gcc 2.3.6 98.28 NOTE
r-devel-windows-x86_64 2.3.6 23.00 91.00 114.00 NOTE
r-devel-windows-x86_64-gcc10-UCRT 2.3.6 NOTE
r-patched-linux-x86_64 2.3.6 12.49 64.73 77.22 NOTE
r-patched-solaris-x86 2.3.6 144.40 NOTE
r-release-linux-x86_64 2.3.6 12.61 65.05 77.66 NOTE
r-release-macos-arm64 2.3.6 NOTE
r-release-macos-x86_64 2.3.6 NOTE
r-release-windows-ix86+x86_64 2.3.6 19.00 86.00 105.00 NOTE
r-oldrel-macos-x86_64 2.3.6 NOTE
r-oldrel-windows-ix86+x86_64 2.3.6 28.00 85.00 113.00 OK

Check Details

Version: 2.3.6
Check: LazyData
Result: NOTE
     'LazyData' is specified without a 'data' directory
Flavors: r-devel-linux-x86_64-debian-clang, r-devel-linux-x86_64-debian-gcc, r-devel-linux-x86_64-fedora-clang, r-devel-linux-x86_64-fedora-gcc, r-devel-windows-x86_64, r-devel-windows-x86_64-gcc10-UCRT, r-patched-linux-x86_64, r-patched-solaris-x86, r-release-linux-x86_64, r-release-macos-arm64, r-release-macos-x86_64, r-release-windows-ix86+x86_64

Version: 2.3.6
Check: dependencies in R code
Result: NOTE
    Namespace in Imports field not imported from: ‘httr’
     All declared Imports should be used.
Flavors: r-devel-linux-x86_64-fedora-clang, r-devel-linux-x86_64-fedora-gcc, r-devel-windows-x86_64-gcc10-UCRT, r-patched-solaris-x86, r-release-macos-arm64, r-release-macos-x86_64, r-oldrel-macos-x86_64