CRAN Package Check Results for Package BH

Last updated on 2021-04-15 09:49:53 CEST.

Flavor Version Tinstall Tcheck Ttotal Status Flags
r-devel-linux-x86_64-debian-clang 1.75.0-0 26.97 44.02 70.99 OK
r-devel-linux-x86_64-debian-gcc 1.75.0-0 21.38 34.82 56.20 OK
r-devel-linux-x86_64-fedora-clang 1.75.0-0 70.21 NOTE
r-devel-linux-x86_64-fedora-gcc 1.75.0-0 59.49 OK
r-devel-windows-ix86+x86_64 1.75.0-0 69.00 60.00 129.00 NOTE
r-devel-windows-x86_64-gcc10-UCRT 1.75.0-0 OK
r-patched-linux-x86_64 1.75.0-0 28.94 43.19 72.13 OK
r-patched-solaris-x86 1.75.0-0 188.80 NOTE
r-release-linux-x86_64 1.75.0-0 24.72 43.20 67.92 OK
r-release-macos-x86_64 1.75.0-0 NOTE
r-release-windows-ix86+x86_64 1.75.0-0 78.00 50.00 128.00 NOTE
r-oldrel-macos-x86_64 1.75.0-0 NOTE
r-oldrel-windows-ix86+x86_64 1.75.0-0 73.00 36.00 109.00 NOTE

Check Details

Version: 1.75.0-0
Check: installed package size
Result: NOTE
     installed size is 146.8Mb
     sub-directories of 1Mb or more:
     include 146.7Mb
Flavors: r-devel-linux-x86_64-fedora-clang, r-devel-windows-ix86+x86_64, r-patched-solaris-x86, r-release-macos-x86_64, r-release-windows-ix86+x86_64, r-oldrel-macos-x86_64, r-oldrel-windows-ix86+x86_64