CRAN Package Check Results for Package BGVAR

Last updated on 2021-04-15 09:49:53 CEST.

Flavor Version Tinstall Tcheck Ttotal Status Flags
r-devel-linux-x86_64-debian-clang 2.1.5 120.88 263.45 384.33 OK
r-devel-linux-x86_64-debian-gcc 2.1.5 81.54 189.87 271.41 OK
r-devel-linux-x86_64-fedora-clang 2.1.5 475.03 NOTE
r-devel-linux-x86_64-fedora-gcc 2.1.5 461.29 OK
r-devel-windows-ix86+x86_64 2.1.5 260.00 408.00 668.00 NOTE
r-devel-windows-x86_64-gcc10-UCRT 2.1.5 OK
r-patched-linux-x86_64 2.1.5 88.88 241.37 330.25 OK
r-patched-solaris-x86 2.1.5 525.00 NOTE
r-release-linux-x86_64 2.1.5 99.68 241.26 340.94 OK
r-release-macos-x86_64 2.1.5 NOTE
r-release-windows-ix86+x86_64 2.1.5 253.00 411.00 664.00 NOTE
r-oldrel-macos-x86_64 2.1.5 NOTE
r-oldrel-windows-ix86+x86_64 2.1.5 225.00 280.00 505.00 NOTE

Check Details

Version: 2.1.5
Check: installed package size
Result: NOTE
     installed size is 10.4Mb
     sub-directories of 1Mb or more:
     doc 3.3Mb
     libs 5.7Mb
Flavors: r-devel-linux-x86_64-fedora-clang, r-devel-windows-ix86+x86_64, r-patched-solaris-x86, r-release-macos-x86_64, r-release-windows-ix86+x86_64, r-oldrel-macos-x86_64, r-oldrel-windows-ix86+x86_64