CRAN Package Check Results for Package BBRecapture

Last updated on 2020-03-30 20:48:22 CEST.

Flavor Version Tinstall Tcheck Ttotal Status Flags
r-devel-linux-x86_64-debian-clang 0.2 12.47 75.24 87.71 OK
r-devel-linux-x86_64-debian-gcc 0.2 7.86 57.92 65.78 OK
r-devel-linux-x86_64-fedora-clang 0.2 103.29 NOTE
r-devel-linux-x86_64-fedora-gcc 0.2 105.88 NOTE
r-devel-windows-ix86+x86_64 0.2 18.00 77.00 95.00 OK
r-devel-windows-ix86+x86_64-gcc8 0.2 20.00 76.00 96.00 OK
r-patched-linux-x86_64 0.2 9.50 71.86 81.36 OK
r-patched-solaris-x86 0.2 158.70 NOTE
r-release-linux-x86_64 0.2 7.98 66.29 74.27 OK
r-release-windows-ix86+x86_64 0.2 25.00 133.00 158.00 OK
r-release-osx-x86_64 0.2 NOTE
r-oldrel-windows-ix86+x86_64 0.2 18.00 126.00 144.00 OK
r-oldrel-osx-x86_64 0.2 NOTE

Check Details

Version: 0.2
Check: dependencies in R code
Result: NOTE
    Namespaces in Imports field not imported from:
     ‘locfit’ ‘secr’
     All declared Imports should be used.
Flavors: r-devel-linux-x86_64-fedora-clang, r-devel-linux-x86_64-fedora-gcc, r-patched-solaris-x86, r-release-osx-x86_64, r-oldrel-osx-x86_64