CRAN Package Check Results for Package AzureKusto

Last updated on 2020-03-30 20:48:21 CEST.

Flavor Version Tinstall Tcheck Ttotal Status Flags
r-devel-linux-x86_64-debian-clang 1.0.5 9.79 59.15 68.94 OK
r-devel-linux-x86_64-debian-gcc 1.0.5 7.39 44.50 51.89 OK
r-devel-linux-x86_64-fedora-clang 1.0.5 83.68 NOTE
r-devel-linux-x86_64-fedora-gcc 1.0.5 86.18 NOTE
r-devel-windows-ix86+x86_64 1.0.5 18.00 67.00 85.00 OK
r-devel-windows-ix86+x86_64-gcc8 1.0.5 21.00 71.00 92.00 OK
r-patched-linux-x86_64 1.0.5 9.33 56.25 65.58 OK
r-patched-solaris-x86 1.0.5 116.80 NOTE
r-release-linux-x86_64 1.0.5 8.33 50.59 58.92 OK
r-release-windows-ix86+x86_64 1.0.5 29.00 97.00 126.00 OK
r-release-osx-x86_64 1.0.5 NOTE
r-oldrel-windows-ix86+x86_64 1.0.5 23.00 98.00 121.00 OK
r-oldrel-osx-x86_64 1.0.5 NOTE

Check Details

Version: 1.0.5
Check: dependencies in R code
Result: NOTE
    Namespace in Imports field not imported from: ‘tibble’
     All declared Imports should be used.
Flavors: r-devel-linux-x86_64-fedora-clang, r-devel-linux-x86_64-fedora-gcc, r-patched-solaris-x86, r-release-osx-x86_64, r-oldrel-osx-x86_64