CRAN Package Check Results for Package Arothron

Last updated on 2020-03-30 20:48:21 CEST.

Flavor Version Tinstall Tcheck Ttotal Status Flags
r-devel-linux-x86_64-debian-clang 1.1.1 11.79 100.34 112.13 OK
r-devel-linux-x86_64-debian-gcc 1.1.1 9.76 78.65 88.41 OK
r-devel-linux-x86_64-fedora-clang 1.1.1 135.00 OK
r-devel-linux-x86_64-fedora-gcc 1.1.1 143.75 OK
r-devel-windows-ix86+x86_64 1.1.1 23.00 102.00 125.00 OK
r-devel-windows-ix86+x86_64-gcc8 1.1.1 21.00 107.00 128.00 OK
r-patched-linux-x86_64 1.1.1 10.83 96.56 107.39 OK
r-patched-solaris-x86 1.1.1 212.60 OK
r-release-linux-x86_64 1.1.1 10.56 89.73 100.29 OK
r-release-windows-ix86+x86_64 1.1.1 46.00 156.00 202.00 OK
r-release-osx-x86_64 1.1.1 WARN
r-oldrel-windows-ix86+x86_64 1.1.1 22.00 139.00 161.00 OK
r-oldrel-osx-x86_64 1.1.1 WARN

Check Details

Version: 1.1.1
Check: whether package can be installed
Result: WARN
    Found the following significant warnings:
     Warning: 'rgl_init' failed, running with rgl.useNULL = TRUE
Flavors: r-release-osx-x86_64, r-oldrel-osx-x86_64

Version: 1.1.1
Check: dependencies in R code
Result: NOTE
    No protocol specified
Flavors: r-release-osx-x86_64, r-oldrel-osx-x86_64

Version: 1.1.1
Check: S3 generic/method consistency
Result: WARN
    No protocol specified
    See section ‘Generic functions and methods’ in the ‘Writing R
    Extensions’ manual.
Flavors: r-release-osx-x86_64, r-oldrel-osx-x86_64

Version: 1.1.1
Check: replacement functions
Result: WARN
    No protocol specified
    The argument of a replacement function which corresponds to the right
    hand side must be named ‘value’.
Flavors: r-release-osx-x86_64, r-oldrel-osx-x86_64

Version: 1.1.1
Check: foreign function calls
Result: NOTE
    No protocol specified
    See chapter ‘System and foreign language interfaces’ in the ‘Writing R
    Extensions’ manual.
Flavors: r-release-osx-x86_64, r-oldrel-osx-x86_64

Version: 1.1.1
Check: R code for possible problems
Result: NOTE
    No protocol specified
Flavors: r-release-osx-x86_64, r-oldrel-osx-x86_64

Version: 1.1.1
Check: for missing documentation entries
Result: WARN
    No protocol specified
    All user-level objects in a package should have documentation entries.
    See chapter ‘Writing R documentation files’ in the ‘Writing R
    Extensions’ manual.
Flavors: r-release-osx-x86_64, r-oldrel-osx-x86_64

Version: 1.1.1
Check: for code/documentation mismatches
Result: WARN
    No protocol specified
    No protocol specified
    No protocol specified
Flavors: r-release-osx-x86_64, r-oldrel-osx-x86_64

Version: 1.1.1
Check: Rd \usage sections
Result: NOTE
    No protocol specified
    The \usage entries for S3 methods should use the \method markup and not
    their full name.
    See chapter ‘Writing R documentation files’ in the ‘Writing R
    Extensions’ manual.
Flavors: r-release-osx-x86_64, r-oldrel-osx-x86_64